{"id":10159,"date":"2022-09-05T13:53:59","date_gmt":"2022-09-05T13:53:59","guid":{"rendered":"https:\/\/deccore.com.br\/loja\/?post_type=product&#038;p=10159"},"modified":"2025-12-02T13:02:16","modified_gmt":"2025-12-02T13:02:16","slug":"cadeira-dina-lee-pronta-entrega","status":"publish","type":"product","link":"https:\/\/deccore.com.br\/loja\/product\/cadeira-dina-lee-pronta-entrega\/","title":{"rendered":"CADEIRA DINA LEE &#8211; PRONTA ENTREGA -GTT"},"content":{"rendered":"","protected":false},"excerpt":{"rendered":"<div class=\"fl-module fl-module-fl-woo-product-description fl-node-lwd489z7njfe\" data-node=\"lwd489z7njfe\">\n<div class=\"fl-module-content fl-node-content\">\n<div class=\"woocommerce-product-details__short-description\">\n<p>A cadeira Dina possui seu design simples e fluido, que valoriza diferentes ambientes de estar, atrav\u00e9s da leveza e harmonia. Seu encosto est\u00e1 dispon\u00edvel nas vers\u00f5es Lee, Lux, Slim, Tex e Soft.<\/p>\n<\/div>\n<\/div>\n<\/div>\n<div class=\"fl-module fl-module-fl-woo-product-description fl-node-fnuks01hiz3q\" data-node=\"fnuks01hiz3q\">\n<div class=\"fl-module-content fl-node-content\">\n<p>TAMANHOS DISPON\u00cdVEIS (L x P x A)<br \/>\n48 x 56 x 88<\/p>\n<\/div>\n<\/div>\n<div class=\"fl-module fl-module-html fl-node-m7fn64xuibto\" data-node=\"m7fn64xuibto\">\n<div class=\"fl-module-content fl-node-content\">\n<div class=\"fl-html\"><a class=\"botao-download-3d\" href=\"https:\/\/www.moveisgottems.com.br\/wp-content\/uploads\/2025\/01\/Cadeira-Dina-Lee-Gottems.skp\" target=\"_blank\" rel=\"noopener\" download=\"\"><img decoding=\"async\" class=\"imagem-download-3d\" src=\"https:\/\/www.moveisgottems.com.br\/wp-content\/uploads\/2024\/12\/Icone-SKP-Novo.png\" alt=\"Baixar Arquivo 3D 1\" width=\"35\" height=\"35\" \/>DOWNLOAD SKP<\/a><\/div>\n<\/div>\n<\/div>\n","protected":false},"featured_media":10160,"template":"","meta":[],"product_brand":[],"product_cat":[15,101,62],"product_tag":[],"class_list":{"0":"post-10159","1":"product","2":"type-product","3":"status-publish","4":"has-post-thumbnail","6":"product_cat-uncategorized","7":"product_cat-cadeira","8":"product_cat-cadeiras","10":"first","11":"instock","12":"shipping-taxable","13":"product-type-simple"},"_links":{"self":[{"href":"https:\/\/deccore.com.br\/loja\/wp-json\/wp\/v2\/product\/10159","targetHints":{"allow":["GET"]}}],"collection":[{"href":"https:\/\/deccore.com.br\/loja\/wp-json\/wp\/v2\/product"}],"about":[{"href":"https:\/\/deccore.com.br\/loja\/wp-json\/wp\/v2\/types\/product"}],"version-history":[{"count":11,"href":"https:\/\/deccore.com.br\/loja\/wp-json\/wp\/v2\/product\/10159\/revisions"}],"predecessor-version":[{"id":16116,"href":"https:\/\/deccore.com.br\/loja\/wp-json\/wp\/v2\/product\/10159\/revisions\/16116"}],"wp:featuredmedia":[{"embeddable":true,"href":"https:\/\/deccore.com.br\/loja\/wp-json\/wp\/v2\/media\/10160"}],"wp:attachment":[{"href":"https:\/\/deccore.com.br\/loja\/wp-json\/wp\/v2\/media?parent=10159"}],"wp:term":[{"taxonomy":"product_brand","embeddable":true,"href":"https:\/\/deccore.com.br\/loja\/wp-json\/wp\/v2\/product_brand?post=10159"},{"taxonomy":"product_cat","embeddable":true,"href":"https:\/\/deccore.com.br\/loja\/wp-json\/wp\/v2\/product_cat?post=10159"},{"taxonomy":"product_tag","embeddable":true,"href":"https:\/\/deccore.com.br\/loja\/wp-json\/wp\/v2\/product_tag?post=10159"}],"curies":[{"name":"wp","href":"https:\/\/api.w.org\/{rel}","templated":true}]}}

<div class="fl-module fl-module-fl-woo-product-description fl-node-lwd489z7njfe" data-node="lwd489z7njfe">
<div class="fl-module-content fl-node-content">
<div class="woocommerce-product-details__short-description">
<p>A cadeira Dina possui seu design simples e fluido, que valoriza diferentes ambientes de estar, através da leveza e harmonia. Seu encosto está disponível nas versões Lee, Lux, Slim, Tex e Soft.</p>
</div>
</div>
</div>
<div class="fl-module fl-module-fl-woo-product-description fl-node-fnuks01hiz3q" data-node="fnuks01hiz3q">
<div class="fl-module-content fl-node-content">
<p>TAMANHOS DISPONÍVEIS (L x P x A)<br />
48 x 56 x 88</p>
</div>
</div>
<div class="fl-module fl-module-html fl-node-m7fn64xuibto" data-node="m7fn64xuibto">
<div class="fl-module-content fl-node-content">
<div class="fl-html"><a class="botao-download-3d" href="https://www.moveisgottems.com.br/wp-content/uploads/2025/01/Cadeira-Dina-Lee-Gottems.skp" target="_blank" rel="noopener" download=""><img decoding="async" class="imagem-download-3d" src="https://www.moveisgottems.com.br/wp-content/uploads/2024/12/Icone-SKP-Novo.png" alt="Baixar Arquivo 3D 1" width="35" height="35" />DOWNLOAD SKP</a></div>
</div>
</div>
