{"id":10164,"date":"2022-09-05T13:57:37","date_gmt":"2022-09-05T13:57:37","guid":{"rendered":"https:\/\/deccore.com.br\/loja\/?post_type=product&#038;p=10164"},"modified":"2025-12-02T13:20:00","modified_gmt":"2025-12-02T13:20:00","slug":"cadeira-dina-tex-pronta-entrega","status":"publish","type":"product","link":"https:\/\/deccore.com.br\/loja\/product\/cadeira-dina-tex-pronta-entrega\/","title":{"rendered":"CADEIRA DINA TEX &#8211; ENCOMENDA.-GTT"},"content":{"rendered":"","protected":false},"excerpt":{"rendered":"<div class=\"fl-module fl-module-fl-woo-product-description fl-node-lwd489z7njfe\" data-node=\"lwd489z7njfe\">\n<div class=\"fl-module-content fl-node-content\">\n<div class=\"woocommerce-product-details__short-description\">\n<p>A cadeira Dina possui seu design simples e fluido, que valoriza diferentes ambientes de estar, atrav\u00e9s da leveza e harmonia. Seu encosto est\u00e1 dispon\u00edvel nas vers\u00f5es Lee, Lux, Slim, Tex e Soft.<\/p>\n<\/div>\n<\/div>\n<\/div>\n<div class=\"fl-module fl-module-fl-woo-product-description fl-node-fnuks01hiz3q\" data-node=\"fnuks01hiz3q\">\n<div class=\"fl-module-content fl-node-content\">\n<p>TAMANHOS DISPON\u00cdVEIS (L x P x A)<br \/>\n48 x 56 x 88<\/p>\n<\/div>\n<\/div>\n<div class=\"fl-module fl-module-html fl-node-m7fn64xuibto\" data-node=\"m7fn64xuibto\">\n<div class=\"fl-module-content fl-node-content\">\n<div class=\"fl-html\"><a class=\"botao-download-3d\" href=\"https:\/\/www.moveisgottems.com.br\/wp-content\/uploads\/2025\/01\/Cadeira-Dina-Tex-Gottems.skp\" target=\"_blank\" rel=\"noopener\" download=\"\"><img decoding=\"async\" class=\"imagem-download-3d\" src=\"https:\/\/www.moveisgottems.com.br\/wp-content\/uploads\/2024\/12\/Icone-SKP-Novo.png\" alt=\"Baixar Arquivo 3D 1\" width=\"35\" height=\"35\" \/>DOWNLOAD SKP<\/a><\/div>\n<\/div>\n<\/div>\n","protected":false},"featured_media":10165,"template":"","meta":[],"product_brand":[],"product_cat":[101,62],"product_tag":[],"class_list":{"0":"post-10164","1":"product","2":"type-product","3":"status-publish","4":"has-post-thumbnail","6":"product_cat-cadeira","7":"product_cat-cadeiras","9":"first","10":"instock","11":"shipping-taxable","12":"product-type-simple"},"_links":{"self":[{"href":"https:\/\/deccore.com.br\/loja\/wp-json\/wp\/v2\/product\/10164","targetHints":{"allow":["GET"]}}],"collection":[{"href":"https:\/\/deccore.com.br\/loja\/wp-json\/wp\/v2\/product"}],"about":[{"href":"https:\/\/deccore.com.br\/loja\/wp-json\/wp\/v2\/types\/product"}],"version-history":[{"count":5,"href":"https:\/\/deccore.com.br\/loja\/wp-json\/wp\/v2\/product\/10164\/revisions"}],"predecessor-version":[{"id":16121,"href":"https:\/\/deccore.com.br\/loja\/wp-json\/wp\/v2\/product\/10164\/revisions\/16121"}],"wp:featuredmedia":[{"embeddable":true,"href":"https:\/\/deccore.com.br\/loja\/wp-json\/wp\/v2\/media\/10165"}],"wp:attachment":[{"href":"https:\/\/deccore.com.br\/loja\/wp-json\/wp\/v2\/media?parent=10164"}],"wp:term":[{"taxonomy":"product_brand","embeddable":true,"href":"https:\/\/deccore.com.br\/loja\/wp-json\/wp\/v2\/product_brand?post=10164"},{"taxonomy":"product_cat","embeddable":true,"href":"https:\/\/deccore.com.br\/loja\/wp-json\/wp\/v2\/product_cat?post=10164"},{"taxonomy":"product_tag","embeddable":true,"href":"https:\/\/deccore.com.br\/loja\/wp-json\/wp\/v2\/product_tag?post=10164"}],"curies":[{"name":"wp","href":"https:\/\/api.w.org\/{rel}","templated":true}]}}

<div class="fl-module fl-module-fl-woo-product-description fl-node-lwd489z7njfe" data-node="lwd489z7njfe">
<div class="fl-module-content fl-node-content">
<div class="woocommerce-product-details__short-description">
<p>A cadeira Dina possui seu design simples e fluido, que valoriza diferentes ambientes de estar, através da leveza e harmonia. Seu encosto está disponível nas versões Lee, Lux, Slim, Tex e Soft.</p>
</div>
</div>
</div>
<div class="fl-module fl-module-fl-woo-product-description fl-node-fnuks01hiz3q" data-node="fnuks01hiz3q">
<div class="fl-module-content fl-node-content">
<p>TAMANHOS DISPONÍVEIS (L x P x A)<br />
48 x 56 x 88</p>
</div>
</div>
<div class="fl-module fl-module-html fl-node-m7fn64xuibto" data-node="m7fn64xuibto">
<div class="fl-module-content fl-node-content">
<div class="fl-html"><a class="botao-download-3d" href="https://www.moveisgottems.com.br/wp-content/uploads/2025/01/Cadeira-Dina-Tex-Gottems.skp" target="_blank" rel="noopener" download=""><img decoding="async" class="imagem-download-3d" src="https://www.moveisgottems.com.br/wp-content/uploads/2024/12/Icone-SKP-Novo.png" alt="Baixar Arquivo 3D 1" width="35" height="35" />DOWNLOAD SKP</a></div>
</div>
</div>
