{"id":10185,"date":"2022-09-05T19:47:44","date_gmt":"2022-09-05T19:47:44","guid":{"rendered":"https:\/\/deccore.com.br\/loja\/?post_type=product&#038;p=10185"},"modified":"2022-09-05T19:47:44","modified_gmt":"2022-09-05T19:47:44","slug":"mesa-jantar-dora-encomenda","status":"publish","type":"product","link":"https:\/\/deccore.com.br\/loja\/product\/mesa-jantar-dora-encomenda\/","title":{"rendered":"MESA JANTAR DORA &#8211; ENCOMENDA"},"content":{"rendered":"<p>V\u00c1RIAS OP\u00c7\u00d5ES DE ACABAMENTOS.<\/p>\n","protected":false},"excerpt":{"rendered":"<p>Tamanhos dispon\u00edveis (LxPxA)<\/p>\n<p>180 x 100 x 76<br \/>\n200 x 110 x 76<br \/>\n220 x 110 x 76<br \/>\n240 x 110 x 76<br \/>\n260 x 115 x 76<br \/>\n280 x 120 x 76<br \/>\n300 x 120 x 76<br \/>\n150 x 150 x 76<\/p>\n","protected":false},"featured_media":10186,"template":"","meta":[],"product_brand":[],"product_cat":[69],"product_tag":[],"class_list":{"0":"post-10185","1":"product","2":"type-product","3":"status-publish","4":"has-post-thumbnail","6":"product_cat-mesa-jantar","8":"first","9":"instock","10":"shipping-taxable","11":"product-type-simple"},"_links":{"self":[{"href":"https:\/\/deccore.com.br\/loja\/wp-json\/wp\/v2\/product\/10185","targetHints":{"allow":["GET"]}}],"collection":[{"href":"https:\/\/deccore.com.br\/loja\/wp-json\/wp\/v2\/product"}],"about":[{"href":"https:\/\/deccore.com.br\/loja\/wp-json\/wp\/v2\/types\/product"}],"version-history":[{"count":1,"href":"https:\/\/deccore.com.br\/loja\/wp-json\/wp\/v2\/product\/10185\/revisions"}],"predecessor-version":[{"id":10187,"href":"https:\/\/deccore.com.br\/loja\/wp-json\/wp\/v2\/product\/10185\/revisions\/10187"}],"wp:featuredmedia":[{"embeddable":true,"href":"https:\/\/deccore.com.br\/loja\/wp-json\/wp\/v2\/media\/10186"}],"wp:attachment":[{"href":"https:\/\/deccore.com.br\/loja\/wp-json\/wp\/v2\/media?parent=10185"}],"wp:term":[{"taxonomy":"product_brand","embeddable":true,"href":"https:\/\/deccore.com.br\/loja\/wp-json\/wp\/v2\/product_brand?post=10185"},{"taxonomy":"product_cat","embeddable":true,"href":"https:\/\/deccore.com.br\/loja\/wp-json\/wp\/v2\/product_cat?post=10185"},{"taxonomy":"product_tag","embeddable":true,"href":"https:\/\/deccore.com.br\/loja\/wp-json\/wp\/v2\/product_tag?post=10185"}],"curies":[{"name":"wp","href":"https:\/\/api.w.org\/{rel}","templated":true}]}}