{"id":11224,"date":"2023-02-18T13:35:16","date_gmt":"2023-02-18T13:35:16","guid":{"rendered":"https:\/\/deccore.com.br\/loja\/?post_type=product&#038;p=11224"},"modified":"2023-02-18T13:37:23","modified_gmt":"2023-02-18T13:37:23","slug":"mesa-jantar-alabama-encomenda-brz-comt","status":"publish","type":"product","link":"https:\/\/deccore.com.br\/loja\/product\/mesa-jantar-alabama-encomenda-brz-comt\/","title":{"rendered":"MESA JANTAR ALABAMA &#8211; ENCOMENDA &#8211; BRZ COMT."},"content":{"rendered":"","protected":false},"excerpt":{"rendered":"<p>V\u00c1RIAS OP\u00c7\u00d5ES DE ACABAMENTOS.<\/p>\n<p>medidas:<\/p>\n<p>1,35 x 0,90 x 0,76<\/p>\n<p>1,60 x 0,90 x 0,76<\/p>\n<p>1,80 x 1,00 x 0,76<\/p>\n<p>2,00 x 1,00 x 0,76<\/p>\n<p>2,20 x 1,10 x 0,76<\/p>\n<p>2,40 x 1,10 x 0,76<\/p>\n<p>2,70 x 1,20 x 0,76<\/p>\n<p>3,00 x 1,20 x 0,76<\/p>\n<p>3,20 x 1,20 x 0,76<\/p>\n","protected":false},"featured_media":11225,"template":"","meta":[],"product_brand":[],"product_cat":[69],"product_tag":[],"class_list":{"0":"post-11224","1":"product","2":"type-product","3":"status-publish","4":"has-post-thumbnail","6":"product_cat-mesa-jantar","8":"first","9":"instock","10":"shipping-taxable","11":"product-type-simple"},"_links":{"self":[{"href":"https:\/\/deccore.com.br\/loja\/wp-json\/wp\/v2\/product\/11224","targetHints":{"allow":["GET"]}}],"collection":[{"href":"https:\/\/deccore.com.br\/loja\/wp-json\/wp\/v2\/product"}],"about":[{"href":"https:\/\/deccore.com.br\/loja\/wp-json\/wp\/v2\/types\/product"}],"version-history":[{"count":3,"href":"https:\/\/deccore.com.br\/loja\/wp-json\/wp\/v2\/product\/11224\/revisions"}],"predecessor-version":[{"id":11228,"href":"https:\/\/deccore.com.br\/loja\/wp-json\/wp\/v2\/product\/11224\/revisions\/11228"}],"wp:featuredmedia":[{"embeddable":true,"href":"https:\/\/deccore.com.br\/loja\/wp-json\/wp\/v2\/media\/11225"}],"wp:attachment":[{"href":"https:\/\/deccore.com.br\/loja\/wp-json\/wp\/v2\/media?parent=11224"}],"wp:term":[{"taxonomy":"product_brand","embeddable":true,"href":"https:\/\/deccore.com.br\/loja\/wp-json\/wp\/v2\/product_brand?post=11224"},{"taxonomy":"product_cat","embeddable":true,"href":"https:\/\/deccore.com.br\/loja\/wp-json\/wp\/v2\/product_cat?post=11224"},{"taxonomy":"product_tag","embeddable":true,"href":"https:\/\/deccore.com.br\/loja\/wp-json\/wp\/v2\/product_tag?post=11224"}],"curies":[{"name":"wp","href":"https:\/\/api.w.org\/{rel}","templated":true}]}}