{"id":11270,"date":"2023-02-28T20:37:25","date_gmt":"2023-02-28T20:37:25","guid":{"rendered":"https:\/\/deccore.com.br\/loja\/?post_type=product&#038;p=11270"},"modified":"2024-07-16T16:29:50","modified_gmt":"2024-07-16T16:29:50","slug":"aparador-sila-encomenda-gtt","status":"publish","type":"product","link":"https:\/\/deccore.com.br\/loja\/product\/aparador-sila-encomenda-gtt\/","title":{"rendered":"APARADOR SILL\u00c1 &#8211; PRONTA ENTREGA &#8211; GTT &#8211; DESIGNER: FABR\u00cdCIO RONCCA."},"content":{"rendered":"<p>V\u00c1RIAS OP\u00c7\u00d5ES DE ACABAMENTOS.<\/p>\n","protected":false},"excerpt":{"rendered":"<p>Tamanhos dispon\u00edveis (LxPxA)<\/p>\n<p>160 x 45 x 83<br \/>\n180 x 45 x 83<br \/>\n200 x 45 x 83<br \/>\n220 x 45 x 83<\/p>\n","protected":false},"featured_media":13591,"template":"","meta":[],"product_brand":[],"product_cat":[68],"product_tag":[],"class_list":{"0":"post-11270","1":"product","2":"type-product","3":"status-publish","4":"has-post-thumbnail","6":"product_cat-aparador","8":"first","9":"instock","10":"shipping-taxable","11":"product-type-simple"},"_links":{"self":[{"href":"https:\/\/deccore.com.br\/loja\/wp-json\/wp\/v2\/product\/11270","targetHints":{"allow":["GET"]}}],"collection":[{"href":"https:\/\/deccore.com.br\/loja\/wp-json\/wp\/v2\/product"}],"about":[{"href":"https:\/\/deccore.com.br\/loja\/wp-json\/wp\/v2\/types\/product"}],"version-history":[{"count":6,"href":"https:\/\/deccore.com.br\/loja\/wp-json\/wp\/v2\/product\/11270\/revisions"}],"predecessor-version":[{"id":15122,"href":"https:\/\/deccore.com.br\/loja\/wp-json\/wp\/v2\/product\/11270\/revisions\/15122"}],"wp:featuredmedia":[{"embeddable":true,"href":"https:\/\/deccore.com.br\/loja\/wp-json\/wp\/v2\/media\/13591"}],"wp:attachment":[{"href":"https:\/\/deccore.com.br\/loja\/wp-json\/wp\/v2\/media?parent=11270"}],"wp:term":[{"taxonomy":"product_brand","embeddable":true,"href":"https:\/\/deccore.com.br\/loja\/wp-json\/wp\/v2\/product_brand?post=11270"},{"taxonomy":"product_cat","embeddable":true,"href":"https:\/\/deccore.com.br\/loja\/wp-json\/wp\/v2\/product_cat?post=11270"},{"taxonomy":"product_tag","embeddable":true,"href":"https:\/\/deccore.com.br\/loja\/wp-json\/wp\/v2\/product_tag?post=11270"}],"curies":[{"name":"wp","href":"https:\/\/api.w.org\/{rel}","templated":true}]}}