{"id":11367,"date":"2023-03-17T14:09:41","date_gmt":"2023-03-17T14:09:41","guid":{"rendered":"https:\/\/deccore.com.br\/loja\/?post_type=product&#038;p=11367"},"modified":"2023-03-17T14:09:41","modified_gmt":"2023-03-17T14:09:41","slug":"vladimir-kagan-alemanha-designer-arquiteto","status":"publish","type":"product","link":"https:\/\/deccore.com.br\/loja\/product\/vladimir-kagan-alemanha-designer-arquiteto\/","title":{"rendered":"VLADIMIR\u00a0KAGAN  ALEMANHA \/ DESIGNER \/ ARQUITETO"},"content":{"rendered":"","protected":false},"excerpt":{"rendered":"<div class=\"width\">\n<div class=\"designers\">\n<div class=\"width\">\n<div class=\"deisgner-content\">\n<div class=\"d-title\">\n<h1>VLADIMIR\u00a0KAGAN<\/h1>\n<p>ALEMANHA | DESIGNER | ARQUITETO<\/p>\n<p>&nbsp;<\/p>\n<\/div>\n<div class=\"about\"><img decoding=\"async\" class=\"alignleft size-full wp-image-256\" src=\"http:\/\/bonamaison.com\/bonamaison\/wp-content\/uploads\/2016\/06\/Vladimir-Kagan-300x300.jpg\" alt=\"VLADIMIR KAGAN\" \/>Nasceu em agosto de 1927, na cidade de Worms, na Alemanha, filho de um marceneiro russo. Sua inf\u00e2ncia foi interrompida pela ascens\u00e3o dos nazistas. Ele migrou para os Estados Unidos em 1938. Seu foco inicial era pintura e escultura, por\u00e9m nos anos seguintes tornou-se ansiosamente atra\u00eddo por arquitetura e design. Formou-se pela Escola de Arte industrial em 1946, onde foi arquiteto maior e, em seguida, passou a estudar arquitetura na Universidade de Columbia.<\/p>\n<p>Em 1947, juntou-se a seu pai Illi Kagan, um marceneiro mestre para trabalhar em sua loja de madeira e aprender fabrica\u00e7\u00e3o de m\u00f3veis a partir do zero. Ele abriu sua primeira loja de pessoal em Nova York em 1949. No ano seguinte a parceria Kagan-Dreyfus come\u00e7ou com uma sala de exposi\u00e7\u00e3o \/ loja na 125 East 57th Street, em Nova Iorque . Seus primeiros trabalhos inclu\u00edram m\u00f3veis para Cocktail Lounge do delegado na ONU e m\u00f3veis para a Monsanto Casa do Futuro.<\/p>\n<p>Foi um designer de mobili\u00e1rio americano, introduziu no Designer de Interior de sal\u00e3o da fama em 2009, 62 anos depois que ele come\u00e7ou a projetar e produzir mobili\u00e1rio.<\/p>\n<p>Sua moderna Midcentury mobili\u00e1rio com sinuosas caracter\u00edsticas de quadro de madeira tendo um toque moderno. Seu estilo, inspirado por tudo, de antiguidades e natureza \u00e0 Bauhaus, enfatiza o conforto e funcionalidade.<\/p>\n<p>Kagan desenvolveu uma reputa\u00e7\u00e3o que lhe rendeu in\u00fameros projetos de design, bem como uma clientela de celebridades. Alguns de seus primeiros clientes incluem: Marilyn Monroe, Lily Pons, Xavier Cugat, Gary Cooper e empresas como: Walt Disney, El\u00e9trica geral, General Motors, Prudential Insurance, Monsanto, Fairchild Aircraft.<\/p>\n<p>Kagan, foi presidente da comiss\u00e3o Consultivo da Escola Superior de Arte e Design , em Nova York. Membro de v\u00e1rias comiss\u00f5es para o Architectural League de Nova York. Lecionou extensivamente sobre a hist\u00f3ria do design moderno em mobili\u00e1rio e arquitetura na faculdade da Parsons The New School for Design.<\/p>\n<p>Em abril de 2016, Palm Beach, Fl\u00f3rida, Estados Unidos, faleceu devido a um ataque card\u00edaco.<\/p>\n<\/div>\n<\/div>\n<\/div>\n<\/div>\n<\/div>\n<div class=\"width\"><\/div>\n","protected":false},"featured_media":11368,"template":"","meta":[],"product_brand":[],"product_cat":[15],"product_tag":[],"class_list":{"0":"post-11367","1":"product","2":"type-product","3":"status-publish","4":"has-post-thumbnail","6":"product_cat-uncategorized","8":"first","9":"instock","10":"shipping-taxable","11":"product-type-simple"},"_links":{"self":[{"href":"https:\/\/deccore.com.br\/loja\/wp-json\/wp\/v2\/product\/11367","targetHints":{"allow":["GET"]}}],"collection":[{"href":"https:\/\/deccore.com.br\/loja\/wp-json\/wp\/v2\/product"}],"about":[{"href":"https:\/\/deccore.com.br\/loja\/wp-json\/wp\/v2\/types\/product"}],"version-history":[{"count":2,"href":"https:\/\/deccore.com.br\/loja\/wp-json\/wp\/v2\/product\/11367\/revisions"}],"predecessor-version":[{"id":11370,"href":"https:\/\/deccore.com.br\/loja\/wp-json\/wp\/v2\/product\/11367\/revisions\/11370"}],"wp:featuredmedia":[{"embeddable":true,"href":"https:\/\/deccore.com.br\/loja\/wp-json\/wp\/v2\/media\/11368"}],"wp:attachment":[{"href":"https:\/\/deccore.com.br\/loja\/wp-json\/wp\/v2\/media?parent=11367"}],"wp:term":[{"taxonomy":"product_brand","embeddable":true,"href":"https:\/\/deccore.com.br\/loja\/wp-json\/wp\/v2\/product_brand?post=11367"},{"taxonomy":"product_cat","embeddable":true,"href":"https:\/\/deccore.com.br\/loja\/wp-json\/wp\/v2\/product_cat?post=11367"},{"taxonomy":"product_tag","embeddable":true,"href":"https:\/\/deccore.com.br\/loja\/wp-json\/wp\/v2\/product_tag?post=11367"}],"curies":[{"name":"wp","href":"https:\/\/api.w.org\/{rel}","templated":true}]}}