{"id":11389,"date":"2023-03-22T14:25:02","date_gmt":"2023-03-22T14:25:02","guid":{"rendered":"https:\/\/deccore.com.br\/loja\/?post_type=product&#038;p=11389"},"modified":"2026-03-24T14:16:00","modified_gmt":"2026-03-24T14:16:00","slug":"sofa-moroso-pronta-entrega-feel","status":"publish","type":"product","link":"https:\/\/deccore.com.br\/loja\/product\/sofa-moroso-pronta-entrega-feel\/","title":{"rendered":"SOF\u00c1 MOROSO &#8211;  FEEL."},"content":{"rendered":"<p><iframe title=\"Sof\u00e1 Moroso\" width=\"600\" height=\"338\" src=\"https:\/\/www.youtube.com\/embed\/6pmXVWQVO38?feature=oembed\" frameborder=\"0\" allow=\"accelerometer; autoplay; clipboard-write; encrypted-media; gyroscope; picture-in-picture; web-share\" referrerpolicy=\"strict-origin-when-cross-origin\" allowfullscreen><\/iframe><\/p>\n","protected":false},"excerpt":{"rendered":"<p>DESIGNER: MAURICIO BOMFIM<\/p>\n<p>O sof\u00e1 Moroso \u00e9 lan\u00e7amento da cole\u00e7\u00e3o Cotidiano. O mobili\u00e1rio \u00e9 retr\u00e1til, com design \u00fanico e perfeito para aquele momento de descontra\u00e7\u00e3o.<\/p>\n<p>Possui op\u00e7\u00e3o de abertura da chaise automatizada ou manual.<\/p>\n<p>O sof\u00e1 Moroso \u00e9 assinado pelo designer\u00a0<a class=\"x1i10hfl xjbqb8w x6umtig x1b1mbwd xaqea5y xav7gou x9f619 x1ypdohk xt0psk2 xe8uvvx xdj266r x11i5rnm xat24cr x1mh8g0r xexx8yu x4uap5 x18d9i69 xkhd6sd x16tdsg8 x1hl2dhg xggy1nq x1a2a7pz notranslate _a6hd\" tabindex=\"0\" role=\"link\" href=\"https:\/\/www.instagram.com\/mauriciobomfim_\/\">@mauriciobomfim_<\/a><\/p>\n","protected":false},"featured_media":11390,"template":"","meta":[],"product_brand":[],"product_cat":[167,65,168],"product_tag":[],"class_list":{"0":"post-11389","1":"product","2":"type-product","3":"status-publish","4":"has-post-thumbnail","6":"product_cat-retratil","7":"product_cat-sofas-2","8":"product_cat-sofa-retratil","10":"first","11":"instock","12":"shipping-taxable","13":"product-type-simple"},"_links":{"self":[{"href":"https:\/\/deccore.com.br\/loja\/wp-json\/wp\/v2\/product\/11389","targetHints":{"allow":["GET"]}}],"collection":[{"href":"https:\/\/deccore.com.br\/loja\/wp-json\/wp\/v2\/product"}],"about":[{"href":"https:\/\/deccore.com.br\/loja\/wp-json\/wp\/v2\/types\/product"}],"version-history":[{"count":8,"href":"https:\/\/deccore.com.br\/loja\/wp-json\/wp\/v2\/product\/11389\/revisions"}],"predecessor-version":[{"id":16428,"href":"https:\/\/deccore.com.br\/loja\/wp-json\/wp\/v2\/product\/11389\/revisions\/16428"}],"wp:featuredmedia":[{"embeddable":true,"href":"https:\/\/deccore.com.br\/loja\/wp-json\/wp\/v2\/media\/11390"}],"wp:attachment":[{"href":"https:\/\/deccore.com.br\/loja\/wp-json\/wp\/v2\/media?parent=11389"}],"wp:term":[{"taxonomy":"product_brand","embeddable":true,"href":"https:\/\/deccore.com.br\/loja\/wp-json\/wp\/v2\/product_brand?post=11389"},{"taxonomy":"product_cat","embeddable":true,"href":"https:\/\/deccore.com.br\/loja\/wp-json\/wp\/v2\/product_cat?post=11389"},{"taxonomy":"product_tag","embeddable":true,"href":"https:\/\/deccore.com.br\/loja\/wp-json\/wp\/v2\/product_tag?post=11389"}],"curies":[{"name":"wp","href":"https:\/\/api.w.org\/{rel}","templated":true}]}}