{"id":11449,"date":"2023-04-11T13:52:50","date_gmt":"2023-04-11T13:52:50","guid":{"rendered":"https:\/\/deccore.com.br\/loja\/?post_type=product&#038;p=11449"},"modified":"2023-04-11T13:52:51","modified_gmt":"2023-04-11T13:52:51","slug":"bar-suez-tss-encomenda","status":"publish","type":"product","link":"https:\/\/deccore.com.br\/loja\/product\/bar-suez-tss-encomenda\/","title":{"rendered":"BAR SUEZ &#8211; TSS &#8211; ENCOMENDA."},"content":{"rendered":"<h4 class=\"elementor-author-box__name\">Ambos Est\u00fadio<\/h4>\n<div class=\"elementor-author-box__bio\">O Est\u00fadio Ambos \u00e9 especializado na cria\u00e7\u00e3o de produtos autorais. Em cada uma de suas obras, buscam tornar o cotidiano mais confort\u00e1vel e funcional, explorando o uso consciente dos materiais e prezando por produtos de alta qualidade. Al\u00e9m disso, suas cria\u00e7\u00f5es buscam expressar significados e conceitos, segundo eles: &#8220;Entendemos o design como uma forma de linguagem, uma conversa com quem utiliza a pe\u00e7a&#8221;.<\/div>\n","protected":false},"excerpt":{"rendered":"<p>DESIGNER: AMBOS EST\u00daDIO.<\/p>\n","protected":false},"featured_media":11450,"template":"","meta":[],"product_brand":[],"product_cat":[107],"product_tag":[],"class_list":{"0":"post-11449","1":"product","2":"type-product","3":"status-publish","4":"has-post-thumbnail","6":"product_cat-bar","8":"first","9":"instock","10":"shipping-taxable","11":"product-type-simple"},"_links":{"self":[{"href":"https:\/\/deccore.com.br\/loja\/wp-json\/wp\/v2\/product\/11449","targetHints":{"allow":["GET"]}}],"collection":[{"href":"https:\/\/deccore.com.br\/loja\/wp-json\/wp\/v2\/product"}],"about":[{"href":"https:\/\/deccore.com.br\/loja\/wp-json\/wp\/v2\/types\/product"}],"version-history":[{"count":1,"href":"https:\/\/deccore.com.br\/loja\/wp-json\/wp\/v2\/product\/11449\/revisions"}],"predecessor-version":[{"id":11453,"href":"https:\/\/deccore.com.br\/loja\/wp-json\/wp\/v2\/product\/11449\/revisions\/11453"}],"wp:featuredmedia":[{"embeddable":true,"href":"https:\/\/deccore.com.br\/loja\/wp-json\/wp\/v2\/media\/11450"}],"wp:attachment":[{"href":"https:\/\/deccore.com.br\/loja\/wp-json\/wp\/v2\/media?parent=11449"}],"wp:term":[{"taxonomy":"product_brand","embeddable":true,"href":"https:\/\/deccore.com.br\/loja\/wp-json\/wp\/v2\/product_brand?post=11449"},{"taxonomy":"product_cat","embeddable":true,"href":"https:\/\/deccore.com.br\/loja\/wp-json\/wp\/v2\/product_cat?post=11449"},{"taxonomy":"product_tag","embeddable":true,"href":"https:\/\/deccore.com.br\/loja\/wp-json\/wp\/v2\/product_tag?post=11449"}],"curies":[{"name":"wp","href":"https:\/\/api.w.org\/{rel}","templated":true}]}}