{"id":11558,"date":"2023-04-24T18:30:08","date_gmt":"2023-04-24T18:30:08","guid":{"rendered":"https:\/\/deccore.com.br\/loja\/?post_type=product&#038;p=11558"},"modified":"2026-03-24T14:27:51","modified_gmt":"2026-03-24T14:27:51","slug":"mesa-apoio-vance-lazz-pronta-entrega","status":"publish","type":"product","link":"https:\/\/deccore.com.br\/loja\/product\/mesa-apoio-vance-lazz-pronta-entrega\/","title":{"rendered":"MESA DE APOIO VANCE &#8211; LAZZ &#8211;"},"content":{"rendered":"","protected":false},"excerpt":{"rendered":"<p>vance : uma mesa que possui diferencia\u00e7\u00e3o de design pela sua estrutura e detalhes do tampo. Possui a finalidade de uma mesa lateral mas totalmente fora do convencional.<\/p>\n<p>Sua ess\u00eancia cria versatilidade e originalidade aos ambientes em que for inserida.<\/p>\n<p>V\u00c1RIAS OP\u00c7\u00d5ES DE ACABAMENTOS.<\/p>\n","protected":false},"featured_media":11559,"template":"","meta":[],"product_brand":[],"product_cat":[87,71,95],"product_tag":[],"class_list":{"0":"post-11558","1":"product","2":"type-product","3":"status-publish","4":"has-post-thumbnail","6":"product_cat-mesa-auxiliar","7":"product_cat-mesa-de-apoio","8":"product_cat-mesa-lateral","10":"first","11":"instock","12":"shipping-taxable","13":"product-type-simple"},"_links":{"self":[{"href":"https:\/\/deccore.com.br\/loja\/wp-json\/wp\/v2\/product\/11558","targetHints":{"allow":["GET"]}}],"collection":[{"href":"https:\/\/deccore.com.br\/loja\/wp-json\/wp\/v2\/product"}],"about":[{"href":"https:\/\/deccore.com.br\/loja\/wp-json\/wp\/v2\/types\/product"}],"version-history":[{"count":5,"href":"https:\/\/deccore.com.br\/loja\/wp-json\/wp\/v2\/product\/11558\/revisions"}],"predecessor-version":[{"id":16441,"href":"https:\/\/deccore.com.br\/loja\/wp-json\/wp\/v2\/product\/11558\/revisions\/16441"}],"wp:featuredmedia":[{"embeddable":true,"href":"https:\/\/deccore.com.br\/loja\/wp-json\/wp\/v2\/media\/11559"}],"wp:attachment":[{"href":"https:\/\/deccore.com.br\/loja\/wp-json\/wp\/v2\/media?parent=11558"}],"wp:term":[{"taxonomy":"product_brand","embeddable":true,"href":"https:\/\/deccore.com.br\/loja\/wp-json\/wp\/v2\/product_brand?post=11558"},{"taxonomy":"product_cat","embeddable":true,"href":"https:\/\/deccore.com.br\/loja\/wp-json\/wp\/v2\/product_cat?post=11558"},{"taxonomy":"product_tag","embeddable":true,"href":"https:\/\/deccore.com.br\/loja\/wp-json\/wp\/v2\/product_tag?post=11558"}],"curies":[{"name":"wp","href":"https:\/\/api.w.org\/{rel}","templated":true}]}}