{"id":11599,"date":"2023-04-26T17:52:11","date_gmt":"2023-04-26T17:52:11","guid":{"rendered":"https:\/\/deccore.com.br\/loja\/?post_type=product&#038;p=11599"},"modified":"2023-05-18T13:54:29","modified_gmt":"2023-05-18T13:54:29","slug":"mesa-lateral-ada-lancamento-gtt","status":"publish","type":"product","link":"https:\/\/deccore.com.br\/loja\/product\/mesa-lateral-ada-lancamento-gtt\/","title":{"rendered":"MESA LATERAL ADA &#8211; LAN\u00c7AMENTO &#8211; GTT"},"content":{"rendered":"","protected":false},"excerpt":{"rendered":"<p>V\u00c1RIAS OP\u00c7\u00d5ES DE ACABAMENTOS.<\/p>\n<p>Tamanhos dispon\u00edveis (LxPxA)<\/p>\n<p>\u00d8 40 x 50<br \/>\n\u00d8 50 x 60<\/p>\n","protected":false},"featured_media":11600,"template":"","meta":[],"product_brand":[],"product_cat":[15,87,71,95],"product_tag":[],"class_list":{"0":"post-11599","1":"product","2":"type-product","3":"status-publish","4":"has-post-thumbnail","6":"product_cat-uncategorized","7":"product_cat-mesa-auxiliar","8":"product_cat-mesa-de-apoio","9":"product_cat-mesa-lateral","11":"first","12":"instock","13":"shipping-taxable","14":"product-type-simple"},"_links":{"self":[{"href":"https:\/\/deccore.com.br\/loja\/wp-json\/wp\/v2\/product\/11599","targetHints":{"allow":["GET"]}}],"collection":[{"href":"https:\/\/deccore.com.br\/loja\/wp-json\/wp\/v2\/product"}],"about":[{"href":"https:\/\/deccore.com.br\/loja\/wp-json\/wp\/v2\/types\/product"}],"version-history":[{"count":1,"href":"https:\/\/deccore.com.br\/loja\/wp-json\/wp\/v2\/product\/11599\/revisions"}],"predecessor-version":[{"id":11606,"href":"https:\/\/deccore.com.br\/loja\/wp-json\/wp\/v2\/product\/11599\/revisions\/11606"}],"wp:featuredmedia":[{"embeddable":true,"href":"https:\/\/deccore.com.br\/loja\/wp-json\/wp\/v2\/media\/11600"}],"wp:attachment":[{"href":"https:\/\/deccore.com.br\/loja\/wp-json\/wp\/v2\/media?parent=11599"}],"wp:term":[{"taxonomy":"product_brand","embeddable":true,"href":"https:\/\/deccore.com.br\/loja\/wp-json\/wp\/v2\/product_brand?post=11599"},{"taxonomy":"product_cat","embeddable":true,"href":"https:\/\/deccore.com.br\/loja\/wp-json\/wp\/v2\/product_cat?post=11599"},{"taxonomy":"product_tag","embeddable":true,"href":"https:\/\/deccore.com.br\/loja\/wp-json\/wp\/v2\/product_tag?post=11599"}],"curies":[{"name":"wp","href":"https:\/\/api.w.org\/{rel}","templated":true}]}}