{"id":11618,"date":"2023-04-29T14:20:47","date_gmt":"2023-04-29T14:20:47","guid":{"rendered":"https:\/\/deccore.com.br\/loja\/?post_type=product&#038;p=11618"},"modified":"2026-03-24T14:14:08","modified_gmt":"2026-03-24T14:14:08","slug":"balcao-rhone-brz-pronta-entrega","status":"publish","type":"product","link":"https:\/\/deccore.com.br\/loja\/product\/balcao-rhone-brz-pronta-entrega\/","title":{"rendered":"BALC\u00c3O RHONE &#8211; BRZ &#8211;"},"content":{"rendered":"","protected":false},"excerpt":{"rendered":"<p>V\u00c1RIAS OP\u00c7\u00d5ES DE ACABAMENTOS.<\/p>\n<p>Nogueira \/ Onix Metalizado<\/p>\n<p>Medidas:<\/p>\n<p>1,25 x 0,36 x 1,03 alt (1 prat)<\/p>\n","protected":false},"featured_media":11619,"template":"","meta":[],"product_brand":[],"product_cat":[115,107],"product_tag":[],"class_list":{"0":"post-11618","1":"product","2":"type-product","3":"status-publish","4":"has-post-thumbnail","6":"product_cat-balcao","7":"product_cat-bar","9":"first","10":"instock","11":"shipping-taxable","12":"product-type-simple"},"_links":{"self":[{"href":"https:\/\/deccore.com.br\/loja\/wp-json\/wp\/v2\/product\/11618","targetHints":{"allow":["GET"]}}],"collection":[{"href":"https:\/\/deccore.com.br\/loja\/wp-json\/wp\/v2\/product"}],"about":[{"href":"https:\/\/deccore.com.br\/loja\/wp-json\/wp\/v2\/types\/product"}],"version-history":[{"count":5,"href":"https:\/\/deccore.com.br\/loja\/wp-json\/wp\/v2\/product\/11618\/revisions"}],"predecessor-version":[{"id":16424,"href":"https:\/\/deccore.com.br\/loja\/wp-json\/wp\/v2\/product\/11618\/revisions\/16424"}],"wp:featuredmedia":[{"embeddable":true,"href":"https:\/\/deccore.com.br\/loja\/wp-json\/wp\/v2\/media\/11619"}],"wp:attachment":[{"href":"https:\/\/deccore.com.br\/loja\/wp-json\/wp\/v2\/media?parent=11618"}],"wp:term":[{"taxonomy":"product_brand","embeddable":true,"href":"https:\/\/deccore.com.br\/loja\/wp-json\/wp\/v2\/product_brand?post=11618"},{"taxonomy":"product_cat","embeddable":true,"href":"https:\/\/deccore.com.br\/loja\/wp-json\/wp\/v2\/product_cat?post=11618"},{"taxonomy":"product_tag","embeddable":true,"href":"https:\/\/deccore.com.br\/loja\/wp-json\/wp\/v2\/product_tag?post=11618"}],"curies":[{"name":"wp","href":"https:\/\/api.w.org\/{rel}","templated":true}]}}