{"id":11977,"date":"2023-05-24T13:38:33","date_gmt":"2023-05-24T13:38:33","guid":{"rendered":"https:\/\/deccore.com.br\/loja\/?post_type=product&#038;p=11977"},"modified":"2023-05-24T13:39:00","modified_gmt":"2023-05-24T13:39:00","slug":"banco-alana-designer-leonardo-bueno-encomenda","status":"publish","type":"product","link":"https:\/\/deccore.com.br\/loja\/product\/banco-alana-designer-leonardo-bueno-encomenda\/","title":{"rendered":"BANCO ALANA &#8211; DESIGNER: LEONARDO BUENO &#8211; ENCOMENDA."},"content":{"rendered":"<p><strong>Altura:<\/strong>\u00a00,45m<\/p>\n<p><strong>Largura:<\/strong>\u00a02,80 m<\/p>\n<p><strong>Profundidade:<\/strong>\u00a00,40 m<\/p>\n","protected":false},"excerpt":{"rendered":"<p>Pe\u00e7a elaborada em madeira Freij\u00f3, Nogueira ou \u00c9bano.<\/p>\n<p><strong>Altura:<\/strong>\u00a00,45m<\/p>\n<p><strong>Largura:<\/strong>\u00a02,80 m<\/p>\n<p><strong>Profundidade:<\/strong>\u00a00,40 m<\/p>\n","protected":false},"featured_media":11978,"template":"","meta":[],"product_brand":[],"product_cat":[74],"product_tag":[],"class_list":{"0":"post-11977","1":"product","2":"type-product","3":"status-publish","4":"has-post-thumbnail","6":"product_cat-banco","8":"first","9":"instock","10":"shipping-taxable","11":"product-type-simple"},"_links":{"self":[{"href":"https:\/\/deccore.com.br\/loja\/wp-json\/wp\/v2\/product\/11977","targetHints":{"allow":["GET"]}}],"collection":[{"href":"https:\/\/deccore.com.br\/loja\/wp-json\/wp\/v2\/product"}],"about":[{"href":"https:\/\/deccore.com.br\/loja\/wp-json\/wp\/v2\/types\/product"}],"version-history":[{"count":2,"href":"https:\/\/deccore.com.br\/loja\/wp-json\/wp\/v2\/product\/11977\/revisions"}],"predecessor-version":[{"id":11981,"href":"https:\/\/deccore.com.br\/loja\/wp-json\/wp\/v2\/product\/11977\/revisions\/11981"}],"wp:featuredmedia":[{"embeddable":true,"href":"https:\/\/deccore.com.br\/loja\/wp-json\/wp\/v2\/media\/11978"}],"wp:attachment":[{"href":"https:\/\/deccore.com.br\/loja\/wp-json\/wp\/v2\/media?parent=11977"}],"wp:term":[{"taxonomy":"product_brand","embeddable":true,"href":"https:\/\/deccore.com.br\/loja\/wp-json\/wp\/v2\/product_brand?post=11977"},{"taxonomy":"product_cat","embeddable":true,"href":"https:\/\/deccore.com.br\/loja\/wp-json\/wp\/v2\/product_cat?post=11977"},{"taxonomy":"product_tag","embeddable":true,"href":"https:\/\/deccore.com.br\/loja\/wp-json\/wp\/v2\/product_tag?post=11977"}],"curies":[{"name":"wp","href":"https:\/\/api.w.org\/{rel}","templated":true}]}}