{"id":12867,"date":"2023-08-30T19:41:37","date_gmt":"2023-08-30T19:41:37","guid":{"rendered":"https:\/\/deccore.com.br\/loja\/?post_type=product&#038;p=12867"},"modified":"2024-10-16T14:25:57","modified_gmt":"2024-10-16T14:25:57","slug":"poltrona-malu-sob-encomenda-a-n-c-k","status":"publish","type":"product","link":"https:\/\/deccore.com.br\/loja\/product\/poltrona-malu-sob-encomenda-a-n-c-k\/","title":{"rendered":"POLTRONA MALU -SOB.  ENCOMENDA &#8211; A.N.C.K"},"content":{"rendered":"","protected":false},"excerpt":{"rendered":"<p>V\u00c1RIAS OP\u00c7\u00d5ES DE ACABAMENTOS E REVESTIMENTOS POR ENCOMENDA.<br \/>\nA 70<br \/>\nL 77<br \/>\nP 86<\/p>\n","protected":false},"featured_media":13435,"template":"","meta":[],"product_brand":[],"product_cat":[15],"product_tag":[],"class_list":{"0":"post-12867","1":"product","2":"type-product","3":"status-publish","4":"has-post-thumbnail","6":"product_cat-uncategorized","8":"first","9":"onbackorder","10":"shipping-taxable","11":"product-type-simple"},"_links":{"self":[{"href":"https:\/\/deccore.com.br\/loja\/wp-json\/wp\/v2\/product\/12867","targetHints":{"allow":["GET"]}}],"collection":[{"href":"https:\/\/deccore.com.br\/loja\/wp-json\/wp\/v2\/product"}],"about":[{"href":"https:\/\/deccore.com.br\/loja\/wp-json\/wp\/v2\/types\/product"}],"version-history":[{"count":3,"href":"https:\/\/deccore.com.br\/loja\/wp-json\/wp\/v2\/product\/12867\/revisions"}],"predecessor-version":[{"id":15658,"href":"https:\/\/deccore.com.br\/loja\/wp-json\/wp\/v2\/product\/12867\/revisions\/15658"}],"wp:featuredmedia":[{"embeddable":true,"href":"https:\/\/deccore.com.br\/loja\/wp-json\/wp\/v2\/media\/13435"}],"wp:attachment":[{"href":"https:\/\/deccore.com.br\/loja\/wp-json\/wp\/v2\/media?parent=12867"}],"wp:term":[{"taxonomy":"product_brand","embeddable":true,"href":"https:\/\/deccore.com.br\/loja\/wp-json\/wp\/v2\/product_brand?post=12867"},{"taxonomy":"product_cat","embeddable":true,"href":"https:\/\/deccore.com.br\/loja\/wp-json\/wp\/v2\/product_cat?post=12867"},{"taxonomy":"product_tag","embeddable":true,"href":"https:\/\/deccore.com.br\/loja\/wp-json\/wp\/v2\/product_tag?post=12867"}],"curies":[{"name":"wp","href":"https:\/\/api.w.org\/{rel}","templated":true}]}}