{"id":12880,"date":"2023-08-30T20:48:09","date_gmt":"2023-08-30T20:48:09","guid":{"rendered":"https:\/\/deccore.com.br\/loja\/?post_type=product&#038;p=12880"},"modified":"2024-10-16T14:24:10","modified_gmt":"2024-10-16T14:24:10","slug":"poltrona-key-encomenda-d-m","status":"publish","type":"product","link":"https:\/\/deccore.com.br\/loja\/product\/poltrona-key-encomenda-d-m\/","title":{"rendered":"POLTRONA KEI -SOB. ENCOMENDA &#8211; D.M"},"content":{"rendered":"","protected":false},"excerpt":{"rendered":"<p>V\u00c1RIAS OP\u00c7\u00d5ES DE ACABAMENTOS E REVESTIMENTOS POR ENCOMENDA.<br \/>\nPoltrona em metal com assento estofado. Premiada no IF DesignAward 2016.<br \/>\n92 x 75 x 90<\/p>\n","protected":false},"featured_media":13425,"template":"","meta":[],"product_brand":[],"product_cat":[15,64],"product_tag":[],"class_list":{"0":"post-12880","1":"product","2":"type-product","3":"status-publish","4":"has-post-thumbnail","6":"product_cat-uncategorized","7":"product_cat-poltronas","9":"first","10":"onbackorder","11":"shipping-taxable","12":"product-type-simple"},"_links":{"self":[{"href":"https:\/\/deccore.com.br\/loja\/wp-json\/wp\/v2\/product\/12880","targetHints":{"allow":["GET"]}}],"collection":[{"href":"https:\/\/deccore.com.br\/loja\/wp-json\/wp\/v2\/product"}],"about":[{"href":"https:\/\/deccore.com.br\/loja\/wp-json\/wp\/v2\/types\/product"}],"version-history":[{"count":3,"href":"https:\/\/deccore.com.br\/loja\/wp-json\/wp\/v2\/product\/12880\/revisions"}],"predecessor-version":[{"id":15657,"href":"https:\/\/deccore.com.br\/loja\/wp-json\/wp\/v2\/product\/12880\/revisions\/15657"}],"wp:featuredmedia":[{"embeddable":true,"href":"https:\/\/deccore.com.br\/loja\/wp-json\/wp\/v2\/media\/13425"}],"wp:attachment":[{"href":"https:\/\/deccore.com.br\/loja\/wp-json\/wp\/v2\/media?parent=12880"}],"wp:term":[{"taxonomy":"product_brand","embeddable":true,"href":"https:\/\/deccore.com.br\/loja\/wp-json\/wp\/v2\/product_brand?post=12880"},{"taxonomy":"product_cat","embeddable":true,"href":"https:\/\/deccore.com.br\/loja\/wp-json\/wp\/v2\/product_cat?post=12880"},{"taxonomy":"product_tag","embeddable":true,"href":"https:\/\/deccore.com.br\/loja\/wp-json\/wp\/v2\/product_tag?post=12880"}],"curies":[{"name":"wp","href":"https:\/\/api.w.org\/{rel}","templated":true}]}}