{"id":13240,"date":"2023-11-28T13:54:55","date_gmt":"2023-11-28T13:54:55","guid":{"rendered":"https:\/\/deccore.com.br\/loja\/?post_type=product&#038;p=13240"},"modified":"2023-11-28T13:54:55","modified_gmt":"2023-11-28T13:54:55","slug":"namoradeira-hera-pronta-entrega","status":"publish","type":"product","link":"https:\/\/deccore.com.br\/loja\/product\/namoradeira-hera-pronta-entrega\/","title":{"rendered":"NAMORADEIRA HERA &#8211; PRONTA ENTREGA."},"content":{"rendered":"","protected":false},"excerpt":{"rendered":"<p>A Namoradeira Hera traz p\u00e9s ergon\u00f4micos e modernos para uma estrutura aconchegante em cada detalhe. Conta com linhas curvas em suas laterais que trazem ainda mais destaque e \u00eanfase ao produto.<\/p>\n<p><em><strong>ESTRUTURA:<\/strong><\/em><br \/>\nA Estrutura \u00e9 fabricada em A\u00e7o Inox podendo ser polido ou pintado.<\/p>\n<p><strong><em>ASSENTO E ENCOSTO:<\/em><br \/>\n<\/strong>Assento e encosto multilaminado com revestimento em espuma e tecido conforme padr\u00e3o de acabamento. A parte de tr\u00e1s do assento pode ser feito compos\u00ea de tecidos.<\/p>\n<p><strong><em>MEDIDAS:\u00a0\u00a0<\/em><br \/>\n<\/strong>1,35 x 0,72 x 0,73\u00a0&#8211; Altura at\u00e9 o Assento: 0,41<\/p>\n<div class=\"madeira\">\n<p><strong>Foto do produto meramente ilustrativa.<\/strong><\/p>\n<p>O produto pode ser PERSONALIZADO conforme escolha dos padr\u00f5es de acabamento.<\/p>\n<\/div>\n<div class=\"madeira\">\n<p>&nbsp;<\/p>\n<\/div>\n","protected":false},"featured_media":13242,"template":"","meta":[],"product_brand":[],"product_cat":[15],"product_tag":[],"class_list":{"0":"post-13240","1":"product","2":"type-product","3":"status-publish","4":"has-post-thumbnail","6":"product_cat-uncategorized","8":"first","9":"instock","10":"shipping-taxable","11":"product-type-simple"},"_links":{"self":[{"href":"https:\/\/deccore.com.br\/loja\/wp-json\/wp\/v2\/product\/13240","targetHints":{"allow":["GET"]}}],"collection":[{"href":"https:\/\/deccore.com.br\/loja\/wp-json\/wp\/v2\/product"}],"about":[{"href":"https:\/\/deccore.com.br\/loja\/wp-json\/wp\/v2\/types\/product"}],"version-history":[{"count":1,"href":"https:\/\/deccore.com.br\/loja\/wp-json\/wp\/v2\/product\/13240\/revisions"}],"predecessor-version":[{"id":13241,"href":"https:\/\/deccore.com.br\/loja\/wp-json\/wp\/v2\/product\/13240\/revisions\/13241"}],"wp:featuredmedia":[{"embeddable":true,"href":"https:\/\/deccore.com.br\/loja\/wp-json\/wp\/v2\/media\/13242"}],"wp:attachment":[{"href":"https:\/\/deccore.com.br\/loja\/wp-json\/wp\/v2\/media?parent=13240"}],"wp:term":[{"taxonomy":"product_brand","embeddable":true,"href":"https:\/\/deccore.com.br\/loja\/wp-json\/wp\/v2\/product_brand?post=13240"},{"taxonomy":"product_cat","embeddable":true,"href":"https:\/\/deccore.com.br\/loja\/wp-json\/wp\/v2\/product_cat?post=13240"},{"taxonomy":"product_tag","embeddable":true,"href":"https:\/\/deccore.com.br\/loja\/wp-json\/wp\/v2\/product_tag?post=13240"}],"curies":[{"name":"wp","href":"https:\/\/api.w.org\/{rel}","templated":true}]}}