{"id":14008,"date":"2024-02-14T18:07:01","date_gmt":"2024-02-14T18:07:01","guid":{"rendered":"https:\/\/deccore.com.br\/loja\/?post_type=product&#038;p=14008"},"modified":"2026-03-24T14:09:20","modified_gmt":"2026-03-24T14:09:20","slug":"mesa-apoio-mole-1-00-x-0-75-pes-tampo-nogueira-vidro-artico-desert-ess","status":"publish","type":"product","link":"https:\/\/deccore.com.br\/loja\/product\/mesa-apoio-mole-1-00-x-0-75-pes-tampo-nogueira-vidro-artico-desert-ess\/","title":{"rendered":"MESA DE APOIO MOLE 1.00 X 0.75 &#8211; P\u00c9S \/TAMPO NOGUEIRA &#8211; VIDRO ARTICO DESERT &#8211; ESS."},"content":{"rendered":"","protected":false},"excerpt":{"rendered":"<p>V\u00c1RIAS OP\u00c7\u00d5ES DE ACABAMENTOS POR ENCOMENDA.<\/p>\n","protected":false},"featured_media":14009,"template":"","meta":[],"product_brand":[],"product_cat":[15,71,95],"product_tag":[],"class_list":{"0":"post-14008","1":"product","2":"type-product","3":"status-publish","4":"has-post-thumbnail","6":"product_cat-uncategorized","7":"product_cat-mesa-de-apoio","8":"product_cat-mesa-lateral","10":"first","11":"instock","12":"shipping-taxable","13":"product-type-simple"},"_links":{"self":[{"href":"https:\/\/deccore.com.br\/loja\/wp-json\/wp\/v2\/product\/14008","targetHints":{"allow":["GET"]}}],"collection":[{"href":"https:\/\/deccore.com.br\/loja\/wp-json\/wp\/v2\/product"}],"about":[{"href":"https:\/\/deccore.com.br\/loja\/wp-json\/wp\/v2\/types\/product"}],"version-history":[{"count":3,"href":"https:\/\/deccore.com.br\/loja\/wp-json\/wp\/v2\/product\/14008\/revisions"}],"predecessor-version":[{"id":16418,"href":"https:\/\/deccore.com.br\/loja\/wp-json\/wp\/v2\/product\/14008\/revisions\/16418"}],"wp:featuredmedia":[{"embeddable":true,"href":"https:\/\/deccore.com.br\/loja\/wp-json\/wp\/v2\/media\/14009"}],"wp:attachment":[{"href":"https:\/\/deccore.com.br\/loja\/wp-json\/wp\/v2\/media?parent=14008"}],"wp:term":[{"taxonomy":"product_brand","embeddable":true,"href":"https:\/\/deccore.com.br\/loja\/wp-json\/wp\/v2\/product_brand?post=14008"},{"taxonomy":"product_cat","embeddable":true,"href":"https:\/\/deccore.com.br\/loja\/wp-json\/wp\/v2\/product_cat?post=14008"},{"taxonomy":"product_tag","embeddable":true,"href":"https:\/\/deccore.com.br\/loja\/wp-json\/wp\/v2\/product_tag?post=14008"}],"curies":[{"name":"wp","href":"https:\/\/api.w.org\/{rel}","templated":true}]}}