{"id":14284,"date":"2024-03-06T18:01:47","date_gmt":"2024-03-06T18:01:47","guid":{"rendered":"https:\/\/deccore.com.br\/loja\/?post_type=product&#038;p=14284"},"modified":"2024-06-14T16:43:06","modified_gmt":"2024-06-14T16:43:06","slug":"luminaria-de-piso-minimum-23448","status":"publish","type":"product","link":"https:\/\/deccore.com.br\/loja\/product\/luminaria-de-piso-minimum-23448\/","title":{"rendered":"LUMIN\u00c1RIA DE PISO MINIMUM &#8211; PRONTA ENTREGA &#8211; 23448"},"content":{"rendered":"","protected":false},"excerpt":{"rendered":"<p>Como conceito, tr\u00e1s o estilo minimalista. No quesito funcionalidade, tem como destaque o uso para ilumina\u00e7\u00e3o direta.<\/p>\n","protected":false},"featured_media":14285,"template":"","meta":[],"product_brand":[],"product_cat":[15,99,162,63,77,108,156],"product_tag":[],"class_list":{"0":"post-14284","1":"product","2":"type-product","3":"status-publish","4":"has-post-thumbnail","6":"product_cat-uncategorized","7":"product_cat-abajour","8":"product_cat-abajur","9":"product_cat-decoracoes","10":"product_cat-luminaria","11":"product_cat-novidade","12":"product_cat-objetos-de-decoracao","14":"first","15":"instock","16":"shipping-taxable","17":"product-type-simple"},"_links":{"self":[{"href":"https:\/\/deccore.com.br\/loja\/wp-json\/wp\/v2\/product\/14284","targetHints":{"allow":["GET"]}}],"collection":[{"href":"https:\/\/deccore.com.br\/loja\/wp-json\/wp\/v2\/product"}],"about":[{"href":"https:\/\/deccore.com.br\/loja\/wp-json\/wp\/v2\/types\/product"}],"version-history":[{"count":2,"href":"https:\/\/deccore.com.br\/loja\/wp-json\/wp\/v2\/product\/14284\/revisions"}],"predecessor-version":[{"id":14929,"href":"https:\/\/deccore.com.br\/loja\/wp-json\/wp\/v2\/product\/14284\/revisions\/14929"}],"wp:featuredmedia":[{"embeddable":true,"href":"https:\/\/deccore.com.br\/loja\/wp-json\/wp\/v2\/media\/14285"}],"wp:attachment":[{"href":"https:\/\/deccore.com.br\/loja\/wp-json\/wp\/v2\/media?parent=14284"}],"wp:term":[{"taxonomy":"product_brand","embeddable":true,"href":"https:\/\/deccore.com.br\/loja\/wp-json\/wp\/v2\/product_brand?post=14284"},{"taxonomy":"product_cat","embeddable":true,"href":"https:\/\/deccore.com.br\/loja\/wp-json\/wp\/v2\/product_cat?post=14284"},{"taxonomy":"product_tag","embeddable":true,"href":"https:\/\/deccore.com.br\/loja\/wp-json\/wp\/v2\/product_tag?post=14284"}],"curies":[{"name":"wp","href":"https:\/\/api.w.org\/{rel}","templated":true}]}}