{"id":14447,"date":"2024-04-03T18:41:29","date_gmt":"2024-04-03T18:41:29","guid":{"rendered":"https:\/\/deccore.com.br\/loja\/?post_type=product&#038;p=14447"},"modified":"2024-04-03T18:41:29","modified_gmt":"2024-04-03T18:41:29","slug":"cadeira-nori-ess-design-ibanez-razzera-pronta-entrega","status":"publish","type":"product","link":"https:\/\/deccore.com.br\/loja\/product\/cadeira-nori-ess-design-ibanez-razzera-pronta-entrega\/","title":{"rendered":"CADEIRA NORI &#8211; ESS &#8211; DESIGN: IBANEZ RAZZERA &#8211; PRONTA ENTREGA &#8211;"},"content":{"rendered":"","protected":false},"excerpt":{"rendered":"<div class=\"textoDescricaoCurtaProduto\">\n<p>Uma beleza vers\u00e1til e singular, que convida para uma experi\u00eancia de sofistica\u00e7\u00e3o.<\/p>\n<\/div>\n<div class=\"garantiaPrazoDescricaoProduto\">\n<p dir=\"ltr\">A\u00a0<strong>Cadeira Nori<\/strong>\u00a0surpreende pela sua incr\u00edvel leveza, tornando-a extremamente f\u00e1cil de mover. Por isso, a funcionalidade tamb\u00e9m est\u00e1 entre suas caracter\u00edsticas principais. Com tra\u00e7os finos e elegantes, ele agrega conforto e modernidade ao ambiente.<\/p>\n<p dir=\"ltr\">O design desenvolvido por Ibanez Razzera traz como detalhe principal um arco met\u00e1lico que conecta os bra\u00e7os de madeira, percorrendo toda a parte de tr\u00e1s do encosto.<\/p>\n<p dir=\"ltr\">Essa pe\u00e7a encontra o equil\u00edbrio perfeito na combina\u00e7\u00e3o de texturas e sensa\u00e7\u00f5es: o toque suave do tecido, o aconchego da madeira e o contraste contempor\u00e2neo do metal.<\/p>\n<p><strong>Dimens\u00f5es:<\/strong><\/p>\n<form action=\"https:\/\/www.livingonline.com.br\/cadeira-nori\/prod-10266683\/%3E%3Chr%20style=\">\n<p dir=\"ltr\"><strong>Comprimento:\u00a0\u00a0<\/strong>0,56m;<\/p>\n<p dir=\"ltr\"><strong>Profundidade:\u00a0\u00a0<\/strong>0,57m;<\/p>\n<\/form>\n<p>&nbsp;<\/p>\n<\/div>\n","protected":false},"featured_media":14449,"template":"","meta":[],"product_brand":[],"product_cat":[15,101,62],"product_tag":[],"class_list":{"0":"post-14447","1":"product","2":"type-product","3":"status-publish","4":"has-post-thumbnail","6":"product_cat-uncategorized","7":"product_cat-cadeira","8":"product_cat-cadeiras","10":"first","11":"instock","12":"shipping-taxable","13":"product-type-simple"},"_links":{"self":[{"href":"https:\/\/deccore.com.br\/loja\/wp-json\/wp\/v2\/product\/14447","targetHints":{"allow":["GET"]}}],"collection":[{"href":"https:\/\/deccore.com.br\/loja\/wp-json\/wp\/v2\/product"}],"about":[{"href":"https:\/\/deccore.com.br\/loja\/wp-json\/wp\/v2\/types\/product"}],"version-history":[{"count":3,"href":"https:\/\/deccore.com.br\/loja\/wp-json\/wp\/v2\/product\/14447\/revisions"}],"predecessor-version":[{"id":14455,"href":"https:\/\/deccore.com.br\/loja\/wp-json\/wp\/v2\/product\/14447\/revisions\/14455"}],"wp:featuredmedia":[{"embeddable":true,"href":"https:\/\/deccore.com.br\/loja\/wp-json\/wp\/v2\/media\/14449"}],"wp:attachment":[{"href":"https:\/\/deccore.com.br\/loja\/wp-json\/wp\/v2\/media?parent=14447"}],"wp:term":[{"taxonomy":"product_brand","embeddable":true,"href":"https:\/\/deccore.com.br\/loja\/wp-json\/wp\/v2\/product_brand?post=14447"},{"taxonomy":"product_cat","embeddable":true,"href":"https:\/\/deccore.com.br\/loja\/wp-json\/wp\/v2\/product_cat?post=14447"},{"taxonomy":"product_tag","embeddable":true,"href":"https:\/\/deccore.com.br\/loja\/wp-json\/wp\/v2\/product_tag?post=14447"}],"curies":[{"name":"wp","href":"https:\/\/api.w.org\/{rel}","templated":true}]}}

<div class="textoDescricaoCurtaProduto">
<p>Uma beleza versátil e singular, que convida para uma experiência de sofisticação.</p>
</div>
<div class="garantiaPrazoDescricaoProduto">
<p dir="ltr">A <strong>Cadeira Nori</strong> surpreende pela sua incrível leveza, tornando-a extremamente fácil de mover. Por isso, a funcionalidade também está entre suas características principais. Com traços finos e elegantes, ele agrega conforto e modernidade ao ambiente.</p>
<p dir="ltr">O design desenvolvido por Ibanez Razzera traz como detalhe principal um arco metálico que conecta os braços de madeira, percorrendo toda a parte de trás do encosto.</p>
<p dir="ltr">Essa peça encontra o equilíbrio perfeito na combinação de texturas e sensações: o toque suave do tecido, o aconchego da madeira e o contraste contemporâneo do metal.</p>
<p><strong>Dimensões:</strong></p>
<form action="https://www.livingonline.com.br/cadeira-nori/prod-10266683/%3E%3Chr%20style=">
<p dir="ltr"><strong>Comprimento:  </strong>0,56m;</p>
<p dir="ltr"><strong>Profundidade:  </strong>0,57m;</p>
</form>
<p>&nbsp;</p>
</div>
