{"id":14577,"date":"2024-04-18T18:35:58","date_gmt":"2024-04-18T18:35:58","guid":{"rendered":"https:\/\/deccore.com.br\/loja\/?post_type=product&#038;p=14577"},"modified":"2024-10-14T14:55:32","modified_gmt":"2024-10-14T14:55:32","slug":"sofa-romeo-100-couro-natural-medida-2-30-oportunidade-imperdivel-nos-couros-tipo-1-promocionais","status":"publish","type":"product","link":"https:\/\/deccore.com.br\/loja\/product\/sofa-romeo-100-couro-natural-medida-2-30-oportunidade-imperdivel-nos-couros-tipo-1-promocionais\/","title":{"rendered":"SOF\u00c1 ROMEO 100% COURO NATURAL &#8211; SOB. ENCOMENDA &#8211;"},"content":{"rendered":"<p><iframe title=\"Arquiteta Mar\u00edlia Zimmerman apresenta Sof\u00e1 Romeo\" width=\"600\" height=\"338\" src=\"https:\/\/www.youtube.com\/embed\/IzPvpvijtpA?feature=oembed\" frameborder=\"0\" allow=\"accelerometer; autoplay; clipboard-write; encrypted-media; gyroscope; picture-in-picture; web-share\" referrerpolicy=\"strict-origin-when-cross-origin\" allowfullscreen><\/iframe><\/p>\n","protected":false},"excerpt":{"rendered":"<p>Localizada no estado do Rio Grande do Sul, na cidade de Lindolfo Collor, a Salva faz parte do Grupo Minuano, um complexo empresarial fundado h\u00e1 mais de 40 anos e atuante na produ\u00e7\u00e3o de couros, cal\u00e7ados, estofados e tapetes. A manufatura do pr\u00f3prio couro, uma exclusividade Salva possibilita o constante desenvolvimento de novos artigos, assim como variedades de cores, texturas e acabamentos.<\/p>\n<p>A certifica\u00e7\u00e3o ISO 9001 e ISO\/TS 16949 garantem o controle dos processos desde o recebimento de materiais at\u00e9 a expedi\u00e7\u00e3o dos produtos acabados. Al\u00e9m disso, possu\u00edmos laborat\u00f3rio pr\u00f3prio para testes em couros e espumas, o que garante padr\u00e3o e alto controle de qualidade aos nossos processos e produtos.<\/p>\n","protected":false},"featured_media":14578,"template":"","meta":[],"product_brand":[],"product_cat":[15,166,85,65],"product_tag":[],"class_list":{"0":"post-14577","1":"product","2":"type-product","3":"status-publish","4":"has-post-thumbnail","6":"product_cat-uncategorized","7":"product_cat-dia-das-maes","8":"product_cat-estofados","9":"product_cat-sofas-2","11":"first","12":"onbackorder","13":"shipping-taxable","14":"product-type-simple"},"_links":{"self":[{"href":"https:\/\/deccore.com.br\/loja\/wp-json\/wp\/v2\/product\/14577","targetHints":{"allow":["GET"]}}],"collection":[{"href":"https:\/\/deccore.com.br\/loja\/wp-json\/wp\/v2\/product"}],"about":[{"href":"https:\/\/deccore.com.br\/loja\/wp-json\/wp\/v2\/types\/product"}],"version-history":[{"count":9,"href":"https:\/\/deccore.com.br\/loja\/wp-json\/wp\/v2\/product\/14577\/revisions"}],"predecessor-version":[{"id":15637,"href":"https:\/\/deccore.com.br\/loja\/wp-json\/wp\/v2\/product\/14577\/revisions\/15637"}],"wp:featuredmedia":[{"embeddable":true,"href":"https:\/\/deccore.com.br\/loja\/wp-json\/wp\/v2\/media\/14578"}],"wp:attachment":[{"href":"https:\/\/deccore.com.br\/loja\/wp-json\/wp\/v2\/media?parent=14577"}],"wp:term":[{"taxonomy":"product_brand","embeddable":true,"href":"https:\/\/deccore.com.br\/loja\/wp-json\/wp\/v2\/product_brand?post=14577"},{"taxonomy":"product_cat","embeddable":true,"href":"https:\/\/deccore.com.br\/loja\/wp-json\/wp\/v2\/product_cat?post=14577"},{"taxonomy":"product_tag","embeddable":true,"href":"https:\/\/deccore.com.br\/loja\/wp-json\/wp\/v2\/product_tag?post=14577"}],"curies":[{"name":"wp","href":"https:\/\/api.w.org\/{rel}","templated":true}]}}