{"id":14696,"date":"2024-05-08T14:34:17","date_gmt":"2024-05-08T14:34:17","guid":{"rendered":"https:\/\/deccore.com.br\/loja\/?post_type=product&#038;p=14696"},"modified":"2024-10-14T14:49:10","modified_gmt":"2024-10-14T14:49:10","slug":"buffet-rio-ess-encomenda-designer-paulo-sartori","status":"publish","type":"product","link":"https:\/\/deccore.com.br\/loja\/product\/buffet-rio-ess-encomenda-designer-paulo-sartori\/","title":{"rendered":"BUFFET RIO &#8211; ESS &#8211; SOB. ENCOMENDA &#8211; DESIGNER: PAULO SARTORI"},"content":{"rendered":"","protected":false},"excerpt":{"rendered":"<p>MEDIDAS:<\/p>\n<p>2.40 X 0.51 X 0.77<\/p>\n<p>V\u00c1RIAS OP\u00c7\u00d5ES DE ACABAMENTOS<\/p>\n","protected":false},"featured_media":14697,"template":"","meta":[],"product_brand":[],"product_cat":[15,115,66,108],"product_tag":[],"class_list":{"0":"post-14696","1":"product","2":"type-product","3":"status-publish","4":"has-post-thumbnail","6":"product_cat-uncategorized","7":"product_cat-balcao","8":"product_cat-buffet","9":"product_cat-novidade","11":"first","12":"onbackorder","13":"shipping-taxable","14":"product-type-simple"},"_links":{"self":[{"href":"https:\/\/deccore.com.br\/loja\/wp-json\/wp\/v2\/product\/14696","targetHints":{"allow":["GET"]}}],"collection":[{"href":"https:\/\/deccore.com.br\/loja\/wp-json\/wp\/v2\/product"}],"about":[{"href":"https:\/\/deccore.com.br\/loja\/wp-json\/wp\/v2\/types\/product"}],"version-history":[{"count":2,"href":"https:\/\/deccore.com.br\/loja\/wp-json\/wp\/v2\/product\/14696\/revisions"}],"predecessor-version":[{"id":15636,"href":"https:\/\/deccore.com.br\/loja\/wp-json\/wp\/v2\/product\/14696\/revisions\/15636"}],"wp:featuredmedia":[{"embeddable":true,"href":"https:\/\/deccore.com.br\/loja\/wp-json\/wp\/v2\/media\/14697"}],"wp:attachment":[{"href":"https:\/\/deccore.com.br\/loja\/wp-json\/wp\/v2\/media?parent=14696"}],"wp:term":[{"taxonomy":"product_brand","embeddable":true,"href":"https:\/\/deccore.com.br\/loja\/wp-json\/wp\/v2\/product_brand?post=14696"},{"taxonomy":"product_cat","embeddable":true,"href":"https:\/\/deccore.com.br\/loja\/wp-json\/wp\/v2\/product_cat?post=14696"},{"taxonomy":"product_tag","embeddable":true,"href":"https:\/\/deccore.com.br\/loja\/wp-json\/wp\/v2\/product_tag?post=14696"}],"curies":[{"name":"wp","href":"https:\/\/api.w.org\/{rel}","templated":true}]}}