{"id":15147,"date":"2024-07-26T13:16:12","date_gmt":"2024-07-26T13:16:12","guid":{"rendered":"https:\/\/deccore.com.br\/loja\/?post_type=product&#038;p=15147"},"modified":"2024-10-14T14:01:18","modified_gmt":"2024-10-14T14:01:18","slug":"sofa-gomo-couro-100-natural-lancamento-2-024","status":"publish","type":"product","link":"https:\/\/deccore.com.br\/loja\/product\/sofa-gomo-couro-100-natural-lancamento-2-024\/","title":{"rendered":"SOF\u00c1 GOMO &#8211; COURO 100% NATURAL &#8211; LAN\u00c7AMENTO 2.024 SOB. ENCOMENDA"},"content":{"rendered":"<h1 class=\"titcolor\">CONHE\u00c7A A CARTELA DE CORES<\/h1>\n<div class=\"box-cores\">\n<div class=\"item\">\n<div class=\"overlayer\"><\/div>\n<p><img decoding=\"async\" class=\"cor\" src=\"https:\/\/salvamobiliario.com.br\/graph\/cores_mini\/40bb387d45627022b18e3e7207949ace.jpg\" \/><\/p>\n<\/div>\n<div class=\"item\">\n<div class=\"overlayer\"><\/div>\n<p><img decoding=\"async\" class=\"cor\" src=\"https:\/\/salvamobiliario.com.br\/graph\/cores_mini\/798329e52f47b0d754c8dafd5ffeb4f1.jpg\" \/><\/p>\n<\/div>\n<div class=\"item\">\n<div class=\"overlayer\"><\/div>\n<p><img decoding=\"async\" class=\"cor\" src=\"https:\/\/salvamobiliario.com.br\/graph\/cores_mini\/9c3ef930e5ee8b65386db42de5712816.jpg\" \/><\/p>\n<\/div>\n<div class=\"item\">\n<div class=\"overlayer\"><\/div>\n<p><img decoding=\"async\" class=\"cor\" src=\"https:\/\/salvamobiliario.com.br\/graph\/cores_mini\/b5a0c2693f34ce3dee7291acb5774018.jpg\" \/><\/p>\n<\/div>\n<div class=\"item\">\n<div class=\"overlayer\"><\/div>\n<p><img decoding=\"async\" class=\"cor\" src=\"https:\/\/salvamobiliario.com.br\/graph\/cores_mini\/35b3927483b8ec2a49ec80e6550bd0fb.jpg\" \/><\/p>\n<\/div>\n<div class=\"item\">\n<div class=\"overlayer\"><\/div>\n<p><img decoding=\"async\" class=\"cor\" src=\"https:\/\/salvamobiliario.com.br\/graph\/cores_mini\/5c97b0977aa22f93c740a05697e7b9d6.jpg\" \/><\/p>\n<\/div>\n<div class=\"item\">\n<div class=\"overlayer\"><\/div>\n<p><img decoding=\"async\" class=\"cor\" src=\"https:\/\/salvamobiliario.com.br\/graph\/cores_mini\/29bc8ec53f7c3318f4b92a1bedf6f3a2.jpg\" \/><\/p>\n<\/div>\n<div class=\"item\">\n<div class=\"overlayer\"><\/div>\n<p><img decoding=\"async\" class=\"cor\" src=\"https:\/\/salvamobiliario.com.br\/graph\/cores_mini\/98c3a1097989bba9c9122682cfb391d7.jpg\" \/><\/p>\n<\/div>\n<div class=\"item\">\n<div class=\"overlayer\"><\/div>\n<p><img decoding=\"async\" class=\"cor\" src=\"https:\/\/salvamobiliario.com.br\/graph\/cores_mini\/f33bcd3aa19f2f8bc98d463a322c9049.jpg\" \/><\/p>\n<\/div>\n<div class=\"item\">\n<div class=\"overlayer\"><\/div>\n<p><img decoding=\"async\" class=\"cor\" src=\"https:\/\/salvamobiliario.com.br\/graph\/cores_mini\/b3f251252bbaadecd397967ebd64513f.jpg\" \/><\/p>\n<\/div>\n<div class=\"item\">\n<div class=\"overlayer\"><\/div>\n<p><img decoding=\"async\" class=\"cor\" src=\"https:\/\/salvamobiliario.com.br\/graph\/cores_mini\/6769e0f41ad7f72d3c953d7c0e83d949.jpg\" \/><\/p>\n<\/div>\n<div class=\"item\">\n<div class=\"overlayer\"><\/div>\n<p><img decoding=\"async\" class=\"cor\" src=\"https:\/\/salvamobiliario.com.br\/graph\/cores_mini\/f546156b49a0f741cff1af2fdfc42c1e.jpg\" \/><\/p>\n<\/div>\n<div class=\"item\">\n<div class=\"overlayer\"><\/div>\n<p><img decoding=\"async\" class=\"cor\" src=\"https:\/\/salvamobiliario.com.br\/graph\/cores_mini\/bd6ddae12cc8b59484bc9477da6f6466.jpg\" \/><\/p>\n<\/div>\n<div class=\"item\">\n<div class=\"overlayer\"><\/div>\n<p><img decoding=\"async\" class=\"cor\" src=\"https:\/\/salvamobiliario.com.br\/graph\/cores_mini\/31ac11f8f529ff283d3bce903532b081.jpg\" \/><\/p>\n<\/div>\n<div class=\"item\">\n<div class=\"overlayer\"><\/div>\n<p><img decoding=\"async\" class=\"cor\" src=\"https:\/\/salvamobiliario.com.br\/graph\/cores_mini\/91b0918693c003df6e9f9f786d5316de.jpg\" \/><\/p>\n<\/div>\n<div class=\"item\">\n<div class=\"overlayer\"><\/div>\n<p><img decoding=\"async\" class=\"cor\" src=\"https:\/\/salvamobiliario.com.br\/graph\/cores_mini\/50ff05d9dfe1e705ba9431fe13c11131.jpg\" \/><\/p>\n<\/div>\n<div class=\"item\">\n<div class=\"overlayer\"><\/div>\n<p><img decoding=\"async\" class=\"cor\" src=\"https:\/\/salvamobiliario.com.br\/graph\/cores_mini\/5d59278065bf1bd085fb6f37d337c1aa.jpg\" \/><\/p>\n<\/div>\n<div class=\"item\">\n<div class=\"overlayer\"><\/div>\n<p><img decoding=\"async\" class=\"cor\" src=\"https:\/\/salvamobiliario.com.br\/graph\/cores_mini\/9510cb5f9cca210022804ab1a38afb20.jpg\" \/><\/p>\n<\/div>\n<div class=\"item\">\n<div class=\"overlayer\"><\/div>\n<p><img decoding=\"async\" class=\"cor\" src=\"https:\/\/salvamobiliario.com.br\/graph\/cores_mini\/1b297750c819f406f720d7254e746a36.jpg\" \/><\/p>\n<\/div>\n<div class=\"item\">\n<div class=\"overlayer\"><\/div>\n<p><img decoding=\"async\" class=\"cor\" src=\"https:\/\/salvamobiliario.com.br\/graph\/cores_mini\/e5b9960d9df7fe367759c3a8cefd1bd2.jpg\" \/><\/p>\n<\/div>\n<div class=\"item\">\n<div class=\"overlayer\"><\/div>\n<p><img decoding=\"async\" class=\"cor\" src=\"https:\/\/salvamobiliario.com.br\/graph\/cores_mini\/bd32434af765044e30deb2bfade95cf0.jpg\" \/><\/p>\n<\/div>\n<div class=\"item\">\n<div class=\"overlayer\"><\/div>\n<p><img decoding=\"async\" class=\"cor\" src=\"https:\/\/salvamobiliario.com.br\/graph\/cores_mini\/65a7777cbdf5f655a8ff9a12d6ad1d0b.jpg\" \/><\/p>\n<\/div>\n<div class=\"item\">\n<div class=\"overlayer\"><\/div>\n<p><img decoding=\"async\" class=\"cor\" src=\"https:\/\/salvamobiliario.com.br\/graph\/cores_mini\/5accfbf2bb759c9744f81bdcc3e324e9.jpg\" \/><\/p>\n<\/div>\n<div class=\"item\">\n<div class=\"overlayer\"><\/div>\n<p><img decoding=\"async\" class=\"cor\" src=\"https:\/\/salvamobiliario.com.br\/graph\/cores_mini\/0f51e00a8db91f6103133c476974bd38.jpg\" \/><\/p>\n<\/div>\n<div class=\"item\">\n<div class=\"overlayer\"><\/div>\n<p><img decoding=\"async\" class=\"cor\" src=\"https:\/\/salvamobiliario.com.br\/graph\/cores_mini\/5cd3ed33c53acfc1d03047a0f45a459a.jpg\" \/><\/p>\n<\/div>\n<div class=\"item\">\n<div class=\"overlayer\"><\/div>\n<p><img decoding=\"async\" class=\"cor\" src=\"https:\/\/salvamobiliario.com.br\/graph\/cores_mini\/005d775e5e234959a72bdccce87656f2.jpg\" \/><\/p>\n<\/div>\n<div class=\"item\">\n<div class=\"overlayer\"><\/div>\n<p><img decoding=\"async\" class=\"cor\" src=\"https:\/\/salvamobiliario.com.br\/graph\/cores_mini\/c904e24d44389c0c32f60caef52e527b.jpg\" \/><\/p>\n<\/div>\n<div class=\"item\">\n<div class=\"overlayer\"><\/div>\n<p><img decoding=\"async\" class=\"cor\" src=\"https:\/\/salvamobiliario.com.br\/graph\/cores_mini\/dad7252f85fe1d935eaea2211105fa3c.jpg\" \/><\/p>\n<\/div>\n<div class=\"item\">\n<div class=\"overlayer\"><\/div>\n<p><img decoding=\"async\" class=\"cor\" src=\"https:\/\/salvamobiliario.com.br\/graph\/cores_mini\/fa73d112ed75052e6dbe983070766da8.jpg\" \/><\/p>\n<\/div>\n<div class=\"item\">\n<div class=\"overlayer\"><\/div>\n<p><img decoding=\"async\" class=\"cor\" src=\"https:\/\/salvamobiliario.com.br\/graph\/cores_mini\/304a3e16bebfeca24215ac2cc8808cfe.jpg\" \/><\/p>\n<\/div>\n<div class=\"item\">\n<div class=\"overlayer\"><\/div>\n<p><img decoding=\"async\" class=\"cor\" src=\"https:\/\/salvamobiliario.com.br\/graph\/cores_mini\/7b20b106f5bb260505e104346da36bfc.jpg\" \/><\/p>\n<\/div>\n<div class=\"item\">\n<div class=\"overlayer\"><\/div>\n<p><img decoding=\"async\" class=\"cor\" src=\"https:\/\/salvamobiliario.com.br\/graph\/cores_mini\/cd55300e1761112eccea6183c6096fc3.jpg\" \/><\/p>\n<\/div>\n<div class=\"item\">\n<div class=\"overlayer\"><\/div>\n<p><img decoding=\"async\" class=\"cor\" src=\"https:\/\/salvamobiliario.com.br\/graph\/cores_mini\/3bdbc0d97da33449e50b4f642e65929c.jpg\" \/><\/p>\n<\/div>\n<div class=\"item\">\n<div class=\"overlayer\"><\/div>\n<p><img decoding=\"async\" class=\"cor\" src=\"https:\/\/salvamobiliario.com.br\/graph\/cores_mini\/550e58d9980fa68fe8f845b85db3d9ef.jpg\" \/><\/p>\n<\/div>\n<div class=\"item\">\n<div class=\"overlayer\"><\/div>\n<p><img decoding=\"async\" class=\"cor\" src=\"https:\/\/salvamobiliario.com.br\/graph\/cores_mini\/323b5d1277f5c039bcbfe64bca99067a.jpg\" \/><\/p>\n<\/div>\n<div class=\"item\">\n<div class=\"overlayer\"><\/div>\n<p><img decoding=\"async\" class=\"cor\" src=\"https:\/\/salvamobiliario.com.br\/graph\/cores_mini\/989c92321e7ee2ed90034bbdffa9f6e8.jpg\" \/><\/p>\n<\/div>\n<div class=\"item\">\n<div class=\"overlayer\"><\/div>\n<p><img decoding=\"async\" class=\"cor\" src=\"https:\/\/salvamobiliario.com.br\/graph\/cores_mini\/8475cd7c4ffe16f961c1da4aa90b57fd.jpg\" \/><\/p>\n<\/div>\n<div class=\"item\">\n<div class=\"overlayer\"><\/div>\n<p><img decoding=\"async\" class=\"cor\" src=\"https:\/\/salvamobiliario.com.br\/graph\/cores_mini\/e348db65350aee61c183d9fac047e320.jpg\" \/><\/p>\n<\/div>\n<div class=\"item\">\n<div class=\"overlayer\"><\/div>\n<p><img decoding=\"async\" class=\"cor\" src=\"https:\/\/salvamobiliario.com.br\/graph\/cores_mini\/8868cc1be2446a64f431c703824d666b.jpg\" \/><\/p>\n<\/div>\n<div class=\"item\">\n<div class=\"overlayer\"><\/div>\n<p><img decoding=\"async\" class=\"cor\" src=\"https:\/\/salvamobiliario.com.br\/graph\/cores_mini\/4f3a596be3dd2ee3007af51f9f109d0b.jpg\" \/><\/p>\n<\/div>\n<div class=\"item\">\n<div class=\"overlayer\"><\/div>\n<p><img decoding=\"async\" class=\"cor\" src=\"https:\/\/salvamobiliario.com.br\/graph\/cores_mini\/9be7b5157ec13794f6e2b62522b1da3d.jpg\" \/><\/p>\n<\/div>\n<div class=\"item\">\n<div class=\"overlayer\"><\/div>\n<p><img decoding=\"async\" class=\"cor\" src=\"https:\/\/salvamobiliario.com.br\/graph\/cores_mini\/32edebe4547a5a8f4b733396d748859e.jpg\" \/><\/p>\n<\/div>\n<\/div>\n","protected":false},"excerpt":{"rendered":"<p>V\u00c1RIAS OP\u00c7\u00d5ES DE CORES POR ENCOMENDA.<\/p>\n","protected":false},"featured_media":15148,"template":"","meta":[],"product_brand":[],"product_cat":[15,85,65],"product_tag":[],"class_list":{"0":"post-15147","1":"product","2":"type-product","3":"status-publish","4":"has-post-thumbnail","6":"product_cat-uncategorized","7":"product_cat-estofados","8":"product_cat-sofas-2","10":"first","11":"onbackorder","12":"shipping-taxable","13":"product-type-simple"},"_links":{"self":[{"href":"https:\/\/deccore.com.br\/loja\/wp-json\/wp\/v2\/product\/15147","targetHints":{"allow":["GET"]}}],"collection":[{"href":"https:\/\/deccore.com.br\/loja\/wp-json\/wp\/v2\/product"}],"about":[{"href":"https:\/\/deccore.com.br\/loja\/wp-json\/wp\/v2\/types\/product"}],"version-history":[{"count":4,"href":"https:\/\/deccore.com.br\/loja\/wp-json\/wp\/v2\/product\/15147\/revisions"}],"predecessor-version":[{"id":15595,"href":"https:\/\/deccore.com.br\/loja\/wp-json\/wp\/v2\/product\/15147\/revisions\/15595"}],"wp:featuredmedia":[{"embeddable":true,"href":"https:\/\/deccore.com.br\/loja\/wp-json\/wp\/v2\/media\/15148"}],"wp:attachment":[{"href":"https:\/\/deccore.com.br\/loja\/wp-json\/wp\/v2\/media?parent=15147"}],"wp:term":[{"taxonomy":"product_brand","embeddable":true,"href":"https:\/\/deccore.com.br\/loja\/wp-json\/wp\/v2\/product_brand?post=15147"},{"taxonomy":"product_cat","embeddable":true,"href":"https:\/\/deccore.com.br\/loja\/wp-json\/wp\/v2\/product_cat?post=15147"},{"taxonomy":"product_tag","embeddable":true,"href":"https:\/\/deccore.com.br\/loja\/wp-json\/wp\/v2\/product_tag?post=15147"}],"curies":[{"name":"wp","href":"https:\/\/api.w.org\/{rel}","templated":true}]}}