{"id":15212,"date":"2024-08-09T12:58:24","date_gmt":"2024-08-09T12:58:24","guid":{"rendered":"https:\/\/deccore.com.br\/loja\/?post_type=product&#038;p=15212"},"modified":"2024-08-09T12:58:24","modified_gmt":"2024-08-09T12:58:24","slug":"espelho-tazza-bte","status":"publish","type":"product","link":"https:\/\/deccore.com.br\/loja\/product\/espelho-tazza-bte\/","title":{"rendered":"ESPELHO TAZZA &#8211; BTE"},"content":{"rendered":"<p>03 OP\u00c7\u00d5ES DE MEDIDAS.<\/p>\n<p>0.80<\/p>\n<p>0.60<\/p>\n<p>0.50<\/p>\n<p>V\u00c1RIAS OP\u00c7\u00d2ES DE ACABAMENTOS.<\/p>\n","protected":false},"excerpt":{"rendered":"<p>03 OP\u00c7\u00d5ES DE MEDIDAS. 0.80 0.60 0.50 V\u00c1RIAS OP\u00c7\u00d2ES DE ACABAMENTOS.<\/p>\n","protected":false},"featured_media":15214,"template":"","meta":[],"product_brand":[],"product_cat":[15,63,126,156],"product_tag":[],"class_list":{"0":"post-15212","1":"product","2":"type-product","3":"status-publish","4":"has-post-thumbnail","6":"product_cat-uncategorized","7":"product_cat-decoracoes","8":"product_cat-espelho","9":"product_cat-objetos-de-decoracao","11":"first","12":"instock","13":"shipping-taxable","14":"product-type-simple"},"_links":{"self":[{"href":"https:\/\/deccore.com.br\/loja\/wp-json\/wp\/v2\/product\/15212","targetHints":{"allow":["GET"]}}],"collection":[{"href":"https:\/\/deccore.com.br\/loja\/wp-json\/wp\/v2\/product"}],"about":[{"href":"https:\/\/deccore.com.br\/loja\/wp-json\/wp\/v2\/types\/product"}],"version-history":[{"count":1,"href":"https:\/\/deccore.com.br\/loja\/wp-json\/wp\/v2\/product\/15212\/revisions"}],"predecessor-version":[{"id":15216,"href":"https:\/\/deccore.com.br\/loja\/wp-json\/wp\/v2\/product\/15212\/revisions\/15216"}],"wp:featuredmedia":[{"embeddable":true,"href":"https:\/\/deccore.com.br\/loja\/wp-json\/wp\/v2\/media\/15214"}],"wp:attachment":[{"href":"https:\/\/deccore.com.br\/loja\/wp-json\/wp\/v2\/media?parent=15212"}],"wp:term":[{"taxonomy":"product_brand","embeddable":true,"href":"https:\/\/deccore.com.br\/loja\/wp-json\/wp\/v2\/product_brand?post=15212"},{"taxonomy":"product_cat","embeddable":true,"href":"https:\/\/deccore.com.br\/loja\/wp-json\/wp\/v2\/product_cat?post=15212"},{"taxonomy":"product_tag","embeddable":true,"href":"https:\/\/deccore.com.br\/loja\/wp-json\/wp\/v2\/product_tag?post=15212"}],"curies":[{"name":"wp","href":"https:\/\/api.w.org\/{rel}","templated":true}]}}