{"id":16160,"date":"2025-12-03T14:21:58","date_gmt":"2025-12-03T14:21:58","guid":{"rendered":"https:\/\/deccore.com.br\/loja\/?post_type=product&#038;p=16160"},"modified":"2025-12-03T15:10:13","modified_gmt":"2025-12-03T15:10:13","slug":"mesa-jantar-astrid-encomenda-ezz-copia","status":"publish","type":"product","link":"https:\/\/deccore.com.br\/loja\/product\/mesa-jantar-astrid-encomenda-ezz-copia\/","title":{"rendered":"MESA JANTAR -Athos -ENCOMENDA -EZZ"},"content":{"rendered":"","protected":false},"excerpt":{"rendered":"<p>A mesa de jantar Athos homenageia Athos Bulc\u00e3o, mestre em integrar arte e arquitetura com poesia visual. Inspirada em seus ic\u00f4nicos pain\u00e9is de azulejos, a pe\u00e7a reflete dinamismo e leveza por meio de grafismos geom\u00e9tricos, ecoando o legado construtivista<br \/>\ne concretista do artista.<\/p>\n<p>Sua base escult\u00f3rica remete a esse universo visual: formas que se cruzam, se abrem e se movimentam, criando um jogo de luz e sombra que se transforma a cada olhar.<\/p>\n<div class=\"col-lg-2 col-md-4 mb-md-3\">\n<div class=\"p-detail-info\">\n<p>Paulo Sartori<\/p>\n<\/div>\n<\/div>\n<div class=\"col-lg-7 col-md-5 mb-md-3\">\n<div class=\"p-detail-info\">\n<h6>medidas\u00a0downloads<\/h6>\n<p>\u00f8 1800 x 760\u00a0::\u00a0<a class=\"dow\" href=\"https:\/\/www.essenzamoveis.com.br\/pt\/detalhe\/mesas-de-jantar\/athos#\" data-toggle=\"modal\" data-target=\"#ModalDownloadSKP\">SKP<\/a><\/p>\n<\/div>\n<\/div>\n","protected":false},"featured_media":16165,"template":"","meta":[],"product_brand":[],"product_cat":[15,69],"product_tag":[],"class_list":{"0":"post-16160","1":"product","2":"type-product","3":"status-publish","4":"has-post-thumbnail","6":"product_cat-uncategorized","7":"product_cat-mesa-jantar","9":"first","10":"instock","11":"shipping-taxable","12":"product-type-simple"},"_links":{"self":[{"href":"https:\/\/deccore.com.br\/loja\/wp-json\/wp\/v2\/product\/16160","targetHints":{"allow":["GET"]}}],"collection":[{"href":"https:\/\/deccore.com.br\/loja\/wp-json\/wp\/v2\/product"}],"about":[{"href":"https:\/\/deccore.com.br\/loja\/wp-json\/wp\/v2\/types\/product"}],"version-history":[{"count":5,"href":"https:\/\/deccore.com.br\/loja\/wp-json\/wp\/v2\/product\/16160\/revisions"}],"predecessor-version":[{"id":16172,"href":"https:\/\/deccore.com.br\/loja\/wp-json\/wp\/v2\/product\/16160\/revisions\/16172"}],"wp:featuredmedia":[{"embeddable":true,"href":"https:\/\/deccore.com.br\/loja\/wp-json\/wp\/v2\/media\/16165"}],"wp:attachment":[{"href":"https:\/\/deccore.com.br\/loja\/wp-json\/wp\/v2\/media?parent=16160"}],"wp:term":[{"taxonomy":"product_brand","embeddable":true,"href":"https:\/\/deccore.com.br\/loja\/wp-json\/wp\/v2\/product_brand?post=16160"},{"taxonomy":"product_cat","embeddable":true,"href":"https:\/\/deccore.com.br\/loja\/wp-json\/wp\/v2\/product_cat?post=16160"},{"taxonomy":"product_tag","embeddable":true,"href":"https:\/\/deccore.com.br\/loja\/wp-json\/wp\/v2\/product_tag?post=16160"}],"curies":[{"name":"wp","href":"https:\/\/api.w.org\/{rel}","templated":true}]}}