{"id":5292,"date":"2020-10-20T16:19:44","date_gmt":"2020-10-20T16:19:44","guid":{"rendered":"https:\/\/deccore.com.br\/loja\/?post_type=product&#038;p=5292"},"modified":"2026-03-24T14:24:46","modified_gmt":"2026-03-24T14:24:46","slug":"sofa-retratil-e-reclinavel","status":"publish","type":"product","link":"https:\/\/deccore.com.br\/loja\/product\/sofa-retratil-e-reclinavel\/","title":{"rendered":"SOF\u00c1 RETR\u00c1TIL E RECLIN\u00c1VEL &#8211; + MS"},"content":{"rendered":"<p>Modelo retr\u00e1til de extremo conforto com almofadas soltas no assento e no encosto, seu desenho \u00e9 despojado e ao mesmo tempo atemporal, pois suas<br \/>\nformas se adequam a qualquer ambiente.<\/p>\n<p>Seus asssentos s\u00e3o confeccionados em<br \/>\nespumas especiais do tipo RR Soft (r\u00e1pido retorno ou efeito mola), todas as almofadas s\u00e3o fechadas com ziper e<br \/>\ncapas remov\u00edveis e lav\u00e1veis, para essa<br \/>\nfun\u00e7\u00e3o recomenda-se que sejam confeccionadas em tecidos pr\u00e9 &#8211; encolhidos.<\/p>\n<p>Almofadas de encosto em<br \/>\nfibra siliconada, encosto reclin\u00e1vel com catraca blindada super leve de 7 posi\u00e7\u00f5es.<br \/>\nASSENTO \u2013 Solto D28 SOFT RR<br \/>\n(r\u00e1pido retorno)<\/p>\n<p>\u25c7DIVERSAS OP\u00c7\u00d5ES DE REVESTIMENTO.(ENCOMENDA)<\/p>\n<p>\u25c7OP\u00c7\u00d5ES DE MEDIDAS.(ENCOMENDA)<\/p>\n","protected":false},"excerpt":{"rendered":"<p>DESCRITIVO T\u00c9CNICO<br \/>\nModelo retr\u00e1til de extremo conforto com<br \/>\nalmofadas soltas no assento e no<br \/>\nencosto, seu desenho \u00e9 despojado e ao<br \/>\nmesmo tempo atemporal, pois suas<br \/>\nformas se adequam a qualquer ambiente.<br \/>\nSeus asssentos s\u00e3o confeccionados em<br \/>\nespumas especiais do tipo RR Soft<br \/>\n(R\u00e1pido retorno ou efeito mola), todas as<br \/>\nalmofadas s\u00e3o fechadas com ziper e<br \/>\ncapas remov\u00edveis e lav\u00e1veis, para essa<br \/>\nfun\u00e7\u00e3o recomenda-se que sejam<\/p>\n<p>confeccionadas em tecidos pr\u00e9-<br \/>\nencolhidos. Almofadas de encosto em<\/p>\n<p>fibra siliconada, encosto reclin\u00e1vel com<br \/>\ncatraca blindada super leve de 7 posi\u00e7\u00f5es.<br \/>\nASSENTO &#8211; Solto D28 SOFT RR<br \/>\n(r\u00e1pido retorno)<\/p>\n<p>MOLEJO &#8211; Percinta italiana.<\/p>\n<p>&nbsp;<\/p>\n<p>DIVERSAS OP\u00c7\u00d5ES DE REVESTIMENTO.(ENCOMENDA)<\/p>\n<p>OP\u00c7\u00d5ES DE MEDIDAS.(ENCOMENDA)<\/p>\n","protected":false},"featured_media":9305,"template":"","meta":[],"product_brand":[],"product_cat":[15,85,65],"product_tag":[],"class_list":{"0":"post-5292","1":"product","2":"type-product","3":"status-publish","4":"has-post-thumbnail","6":"product_cat-uncategorized","7":"product_cat-estofados","8":"product_cat-sofas-2","10":"first","11":"instock","12":"shipping-taxable","13":"product-type-simple"},"_links":{"self":[{"href":"https:\/\/deccore.com.br\/loja\/wp-json\/wp\/v2\/product\/5292","targetHints":{"allow":["GET"]}}],"collection":[{"href":"https:\/\/deccore.com.br\/loja\/wp-json\/wp\/v2\/product"}],"about":[{"href":"https:\/\/deccore.com.br\/loja\/wp-json\/wp\/v2\/types\/product"}],"version-history":[{"count":10,"href":"https:\/\/deccore.com.br\/loja\/wp-json\/wp\/v2\/product\/5292\/revisions"}],"predecessor-version":[{"id":16440,"href":"https:\/\/deccore.com.br\/loja\/wp-json\/wp\/v2\/product\/5292\/revisions\/16440"}],"wp:featuredmedia":[{"embeddable":true,"href":"https:\/\/deccore.com.br\/loja\/wp-json\/wp\/v2\/media\/9305"}],"wp:attachment":[{"href":"https:\/\/deccore.com.br\/loja\/wp-json\/wp\/v2\/media?parent=5292"}],"wp:term":[{"taxonomy":"product_brand","embeddable":true,"href":"https:\/\/deccore.com.br\/loja\/wp-json\/wp\/v2\/product_brand?post=5292"},{"taxonomy":"product_cat","embeddable":true,"href":"https:\/\/deccore.com.br\/loja\/wp-json\/wp\/v2\/product_cat?post=5292"},{"taxonomy":"product_tag","embeddable":true,"href":"https:\/\/deccore.com.br\/loja\/wp-json\/wp\/v2\/product_tag?post=5292"}],"curies":[{"name":"wp","href":"https:\/\/api.w.org\/{rel}","templated":true}]}}