{"id":5313,"date":"2020-10-20T17:46:08","date_gmt":"2020-10-20T17:46:08","guid":{"rendered":"https:\/\/deccore.com.br\/loja\/?post_type=product&#038;p=5313"},"modified":"2024-03-08T19:16:16","modified_gmt":"2024-03-08T19:16:16","slug":"luminaria-prisma","status":"publish","type":"product","link":"https:\/\/deccore.com.br\/loja\/product\/luminaria-prisma\/","title":{"rendered":"LUMIN\u00c1RIA PRISMA"},"content":{"rendered":"","protected":false},"excerpt":{"rendered":"<p><span class=\"dsg-name\">DESIGNER: BRUNO FAUCZ<\/span><\/p>\n<p class=\"text-home\">Bruno Faucz \u00e9 catarinense, nascido em 1986, cresceu com um papel e um l\u00e1pis sempre a m\u00e3o, sempre fascinado pelo mundo criativo.<\/p>\n","protected":false},"featured_media":5314,"template":"","meta":[],"product_brand":[],"product_cat":[15,77],"product_tag":[],"class_list":{"0":"post-5313","1":"product","2":"type-product","3":"status-publish","4":"has-post-thumbnail","6":"product_cat-uncategorized","7":"product_cat-luminaria","9":"first","10":"instock","11":"shipping-taxable","12":"product-type-simple"},"_links":{"self":[{"href":"https:\/\/deccore.com.br\/loja\/wp-json\/wp\/v2\/product\/5313","targetHints":{"allow":["GET"]}}],"collection":[{"href":"https:\/\/deccore.com.br\/loja\/wp-json\/wp\/v2\/product"}],"about":[{"href":"https:\/\/deccore.com.br\/loja\/wp-json\/wp\/v2\/types\/product"}],"version-history":[{"count":2,"href":"https:\/\/deccore.com.br\/loja\/wp-json\/wp\/v2\/product\/5313\/revisions"}],"predecessor-version":[{"id":5317,"href":"https:\/\/deccore.com.br\/loja\/wp-json\/wp\/v2\/product\/5313\/revisions\/5317"}],"wp:featuredmedia":[{"embeddable":true,"href":"https:\/\/deccore.com.br\/loja\/wp-json\/wp\/v2\/media\/5314"}],"wp:attachment":[{"href":"https:\/\/deccore.com.br\/loja\/wp-json\/wp\/v2\/media?parent=5313"}],"wp:term":[{"taxonomy":"product_brand","embeddable":true,"href":"https:\/\/deccore.com.br\/loja\/wp-json\/wp\/v2\/product_brand?post=5313"},{"taxonomy":"product_cat","embeddable":true,"href":"https:\/\/deccore.com.br\/loja\/wp-json\/wp\/v2\/product_cat?post=5313"},{"taxonomy":"product_tag","embeddable":true,"href":"https:\/\/deccore.com.br\/loja\/wp-json\/wp\/v2\/product_tag?post=5313"}],"curies":[{"name":"wp","href":"https:\/\/api.w.org\/{rel}","templated":true}]}}