{"id":5530,"date":"2020-11-11T14:29:59","date_gmt":"2020-11-11T14:29:59","guid":{"rendered":"https:\/\/deccore.com.br\/loja\/?post_type=product&#038;p=5530"},"modified":"2024-10-22T14:58:55","modified_gmt":"2024-10-22T14:58:55","slug":"sofa-frederico","status":"publish","type":"product","link":"https:\/\/deccore.com.br\/loja\/product\/sofa-frederico\/","title":{"rendered":"SOF\u00c1 FREDERICO &#8211; SOB. ENCOMENDA"},"content":{"rendered":"","protected":false},"excerpt":{"rendered":"<p>DESCRI\u00c7\u00c3O DO PRODUTO:<br \/>\nMADEIRA DA ESTRUTURA ECOLOGICAMENTE CORRETA &#8211; EUCALIPTO<br \/>\nBENEFICIADO E IMUNIZADO CONTRA INSETOS<br \/>\nGRAMPO GALVANIZADO (CONTRA FERRUGEM)<br \/>\nMOLEJO PERCINTA EL\u00c1STICA IMPORTADA<br \/>\nASSENTO FIXO &#8211; D33 + HR + ULTRACEL + FIBRA<br \/>\nENCOSTO SOLTO &#8211; HIPER + ULTRACEL + FIBRA<br \/>\nP\u00c9\/BASE P\u00c9: COBRE, ALUM\u00cdNIO, MARROM, CHUMBO, OU LAT\u00c3O &#8211; BASE:<br \/>\nFREIJ\u00d3, NOGUEIRA, CARVALHO<br \/>\nMESA FREIJ\u00d3, NOGUEIRA, CARVALHO<br \/>\nCARACTER\u00cdSTICAS DA ULTRACEL<br \/>\nESPUMA DIFERENCIADA, PROPORCIONA ELEVAD\u00cdSSIMA DURABILIDADE<br \/>\nE MACIEZ. COM COEFICIENTE DE DEFORMA\u00c7\u00c3O PR\u00d3XIMO A ZERO<br \/>\n(EFETUADO TESTE, ONDE FOI COLOCADA EMBAIXO DO PNEU DE UM<br \/>\nAUTOMOVEL POR 12 HORAS E MANTEVE 100% DO FORMATO ORIGINAL).<br \/>\nUSADA SOBRE ALMOFADAS NOS ASSENTOS E ENCOSTO DE ALGUNS<br \/>\nPRODUTOS, PROPORCIONANDO ELEVADO CONFORTO E OFERECENDO<br \/>\nTOTAL SEGURAN\u00c7A A M\u00c9DIO E LONGO PRAZO, CONSERVANDO APAR\u00caNCIA<br \/>\nORIGINAL DA ALMOFADA, N\u00c3O SOFRENDO DEFORMA\u00c7\u00c3O, MESMO COM<br \/>\nUSO EXCESSIVO<\/p>\n<p>OP\u00c7\u00d5ES DE MEDIDAS E REVESTIMENTOS.<\/p>\n<p>CRIAMOS SONHOS E OS PROJETAMOS COM PERFEI\u00c7\u00c3O!<br \/>\nO RESULTADO \u00c9 UM DESIGN DE EXCEL\u00caNCIA .<br \/>\nPRODUTOS FEITOS COM PROCESSOS ARTESANAIS<br \/>\nE COM RIGOROSO PADR\u00c3O DE QUALIDADE, QUE<br \/>\nGARANTEM O CUIDADO EM CADA DETALHE.<br \/>\nPESQUISA DE TEND\u00caNCIAS DE MODA , ARTE E<br \/>\nDESIGN , TECI DOS D E ALTO PADR\u00c3O E PE\u00c7AS QUE<br \/>\nS\u00c3O VERDADEIRAS PRECIOSIDADES.<\/p>\n","protected":false},"featured_media":5532,"template":"","meta":[],"product_brand":[],"product_cat":[85,65],"product_tag":[],"class_list":{"0":"post-5530","1":"product","2":"type-product","3":"status-publish","4":"has-post-thumbnail","6":"product_cat-estofados","7":"product_cat-sofas-2","9":"first","10":"onbackorder","11":"shipping-taxable","12":"product-type-simple"},"_links":{"self":[{"href":"https:\/\/deccore.com.br\/loja\/wp-json\/wp\/v2\/product\/5530","targetHints":{"allow":["GET"]}}],"collection":[{"href":"https:\/\/deccore.com.br\/loja\/wp-json\/wp\/v2\/product"}],"about":[{"href":"https:\/\/deccore.com.br\/loja\/wp-json\/wp\/v2\/types\/product"}],"version-history":[{"count":3,"href":"https:\/\/deccore.com.br\/loja\/wp-json\/wp\/v2\/product\/5530\/revisions"}],"predecessor-version":[{"id":15693,"href":"https:\/\/deccore.com.br\/loja\/wp-json\/wp\/v2\/product\/5530\/revisions\/15693"}],"wp:featuredmedia":[{"embeddable":true,"href":"https:\/\/deccore.com.br\/loja\/wp-json\/wp\/v2\/media\/5532"}],"wp:attachment":[{"href":"https:\/\/deccore.com.br\/loja\/wp-json\/wp\/v2\/media?parent=5530"}],"wp:term":[{"taxonomy":"product_brand","embeddable":true,"href":"https:\/\/deccore.com.br\/loja\/wp-json\/wp\/v2\/product_brand?post=5530"},{"taxonomy":"product_cat","embeddable":true,"href":"https:\/\/deccore.com.br\/loja\/wp-json\/wp\/v2\/product_cat?post=5530"},{"taxonomy":"product_tag","embeddable":true,"href":"https:\/\/deccore.com.br\/loja\/wp-json\/wp\/v2\/product_tag?post=5530"}],"curies":[{"name":"wp","href":"https:\/\/api.w.org\/{rel}","templated":true}]}}