{"id":5919,"date":"2021-02-09T16:44:44","date_gmt":"2021-02-09T16:44:44","guid":{"rendered":"https:\/\/deccore.com.br\/loja\/?post_type=product&#038;p=5919"},"modified":"2022-12-21T13:59:01","modified_gmt":"2022-12-21T13:59:01","slug":"banco-plataforma","status":"publish","type":"product","link":"https:\/\/deccore.com.br\/loja\/product\/banco-plataforma\/","title":{"rendered":"BANCO PLATAFORMA &#8211; ENCOMENDA"},"content":{"rendered":"","protected":false},"excerpt":{"rendered":"<div>\n<p>O banco Plataforma de George Nelson \u00e9 muito mais que simplesmente um banco. Refletindo em suas linhas retil\u00edneas o olhar arquitet\u00f4nico de Nelson, pode ser usado como um suporte decorativo para objetos, plantas ou o que mais a imagina\u00e7\u00e3o permitir.<\/p>\n<\/div>\n<div class=\"card-footer\">\n<p class=\"my-2 font-weight-bold\">Descri\u00e7\u00e3o T\u00e9cnica:<\/p>\n<p>Estrutura em a\u00e7o carbono. Assento em madeira maci\u00e7a ripada.<\/p>\n<p class=\"mb-1 font-bold\"><b>Peso:<\/b>\u00a0Kg<br \/>\n<b>Medida do Produto:<\/b>\u00a0LAP: 120cm x 45cm x 48cm| LAP: 160cm x 45cm x 48cm;<\/p>\n<p class=\"font-weight-bold\">George Nelson<\/p>\n<p class=\"m-0\">Como arquiteto, autor, designer de m\u00f3veis, designer gr\u00e1fico, designer de exposi\u00e7\u00f5es, professor e fot\u00f3grafo amador, George Nelson deu forma aos cursos de design nos Estados Unidos por mais de quatro d\u00e9cadas. Ao longo de 40 anos, Nelson produziu um arsenal de trabalhos, tanto por conta pr\u00f3pria quanto em colabora\u00e7\u00e3o com uma talentosa equipe de associados, que inclui centenas de m\u00f3veis, constru\u00e7\u00f5es, exposi\u00e7\u00f5es e desenhos gr\u00e1ficos, bem como oito livros e mais de cento e cinquenta revista e artigos.<\/p>\n<\/div>\n","protected":false},"featured_media":5921,"template":"","meta":[],"product_brand":[],"product_cat":[74],"product_tag":[],"class_list":{"0":"post-5919","1":"product","2":"type-product","3":"status-publish","4":"has-post-thumbnail","6":"product_cat-banco","8":"first","9":"instock","10":"shipping-taxable","11":"product-type-simple"},"_links":{"self":[{"href":"https:\/\/deccore.com.br\/loja\/wp-json\/wp\/v2\/product\/5919","targetHints":{"allow":["GET"]}}],"collection":[{"href":"https:\/\/deccore.com.br\/loja\/wp-json\/wp\/v2\/product"}],"about":[{"href":"https:\/\/deccore.com.br\/loja\/wp-json\/wp\/v2\/types\/product"}],"version-history":[{"count":3,"href":"https:\/\/deccore.com.br\/loja\/wp-json\/wp\/v2\/product\/5919\/revisions"}],"predecessor-version":[{"id":10843,"href":"https:\/\/deccore.com.br\/loja\/wp-json\/wp\/v2\/product\/5919\/revisions\/10843"}],"wp:featuredmedia":[{"embeddable":true,"href":"https:\/\/deccore.com.br\/loja\/wp-json\/wp\/v2\/media\/5921"}],"wp:attachment":[{"href":"https:\/\/deccore.com.br\/loja\/wp-json\/wp\/v2\/media?parent=5919"}],"wp:term":[{"taxonomy":"product_brand","embeddable":true,"href":"https:\/\/deccore.com.br\/loja\/wp-json\/wp\/v2\/product_brand?post=5919"},{"taxonomy":"product_cat","embeddable":true,"href":"https:\/\/deccore.com.br\/loja\/wp-json\/wp\/v2\/product_cat?post=5919"},{"taxonomy":"product_tag","embeddable":true,"href":"https:\/\/deccore.com.br\/loja\/wp-json\/wp\/v2\/product_tag?post=5919"}],"curies":[{"name":"wp","href":"https:\/\/api.w.org\/{rel}","templated":true}]}}