{"id":6180,"date":"2021-04-16T14:05:53","date_gmt":"2021-04-16T14:05:53","guid":{"rendered":"https:\/\/deccore.com.br\/loja\/?post_type=product&#038;p=6180"},"modified":"2022-04-25T13:55:00","modified_gmt":"2022-04-25T13:55:00","slug":"ambientacao-2","status":"publish","type":"product","link":"https:\/\/deccore.com.br\/loja\/product\/ambientacao-2\/","title":{"rendered":"AMBIENTA\u00c7\u00c3O 2"},"content":{"rendered":"","protected":false},"excerpt":{"rendered":"<p>PE\u00c7AS POR ENCOMENDA NA @deccoremoveis<\/p>\n<p>nos sigam no Instagram @deccoremoveis<\/p>\n","protected":false},"featured_media":6181,"template":"","meta":[],"product_brand":[],"product_cat":[15],"product_tag":[],"class_list":{"0":"post-6180","1":"product","2":"type-product","3":"status-publish","4":"has-post-thumbnail","6":"product_cat-uncategorized","8":"first","9":"instock","10":"shipping-taxable","11":"product-type-simple"},"_links":{"self":[{"href":"https:\/\/deccore.com.br\/loja\/wp-json\/wp\/v2\/product\/6180","targetHints":{"allow":["GET"]}}],"collection":[{"href":"https:\/\/deccore.com.br\/loja\/wp-json\/wp\/v2\/product"}],"about":[{"href":"https:\/\/deccore.com.br\/loja\/wp-json\/wp\/v2\/types\/product"}],"version-history":[{"count":3,"href":"https:\/\/deccore.com.br\/loja\/wp-json\/wp\/v2\/product\/6180\/revisions"}],"predecessor-version":[{"id":8509,"href":"https:\/\/deccore.com.br\/loja\/wp-json\/wp\/v2\/product\/6180\/revisions\/8509"}],"wp:featuredmedia":[{"embeddable":true,"href":"https:\/\/deccore.com.br\/loja\/wp-json\/wp\/v2\/media\/6181"}],"wp:attachment":[{"href":"https:\/\/deccore.com.br\/loja\/wp-json\/wp\/v2\/media?parent=6180"}],"wp:term":[{"taxonomy":"product_brand","embeddable":true,"href":"https:\/\/deccore.com.br\/loja\/wp-json\/wp\/v2\/product_brand?post=6180"},{"taxonomy":"product_cat","embeddable":true,"href":"https:\/\/deccore.com.br\/loja\/wp-json\/wp\/v2\/product_cat?post=6180"},{"taxonomy":"product_tag","embeddable":true,"href":"https:\/\/deccore.com.br\/loja\/wp-json\/wp\/v2\/product_tag?post=6180"}],"curies":[{"name":"wp","href":"https:\/\/api.w.org\/{rel}","templated":true}]}}