{"id":6659,"date":"2021-08-02T17:39:41","date_gmt":"2021-08-02T17:39:41","guid":{"rendered":"https:\/\/deccore.com.br\/loja\/?post_type=product&#038;p=6659"},"modified":"2021-08-02T17:39:41","modified_gmt":"2021-08-02T17:39:41","slug":"samuca-gerber","status":"publish","type":"product","link":"https:\/\/deccore.com.br\/loja\/product\/samuca-gerber\/","title":{"rendered":"SAMUCA GERBER"},"content":{"rendered":"","protected":false},"excerpt":{"rendered":"<p>Catarinense de nascimento, mas de fam\u00edlia ga\u00facha, Samuca Gerber \u00e9 o designer residente da Salva. Talento precoce, Samuca come\u00e7ou a desenhar aos 6 anos de idade e aos 17 ingressou no Instituto de Artes Visuais da Universidade Federal do Rio Grande do Sul. A paix\u00e3o pelo mobili\u00e1rio viria a se manifestar poucos anos depois na faculdade de Design de Interiores da ULBRA e ao ingressar no mercado de trabalho, atuando em est\u00fadios ga\u00fachos reconhecidos no segmento. Perfeccionista ao extremo, logo quis ter controle absoluto sobre o produto final de seus layouts. Por isso, mergulhou no universo da marcenaria e passou a realizar os projetos do inicio ao fim. Foi esta experi\u00eancia que o levou \u00e0 Salva e que hoje pode ser conferida em diversos produtos premiados e inovadores que a marca apresenta ao mercado mundial de decora\u00e7\u00e3o premium. Aos 29 anos, Samuca \u00e9 o respons\u00e1vel pela curadoria criativa da empresa e um dos expoentes da nova gera\u00e7\u00e3o brasileira de designers de mobili\u00e1rio.<\/p>\n","protected":false},"featured_media":6660,"template":"","meta":[],"product_brand":[],"product_cat":[15],"product_tag":[],"class_list":{"0":"post-6659","1":"product","2":"type-product","3":"status-publish","4":"has-post-thumbnail","6":"product_cat-uncategorized","8":"first","9":"instock","10":"shipping-taxable","11":"product-type-simple"},"_links":{"self":[{"href":"https:\/\/deccore.com.br\/loja\/wp-json\/wp\/v2\/product\/6659","targetHints":{"allow":["GET"]}}],"collection":[{"href":"https:\/\/deccore.com.br\/loja\/wp-json\/wp\/v2\/product"}],"about":[{"href":"https:\/\/deccore.com.br\/loja\/wp-json\/wp\/v2\/types\/product"}],"version-history":[{"count":1,"href":"https:\/\/deccore.com.br\/loja\/wp-json\/wp\/v2\/product\/6659\/revisions"}],"predecessor-version":[{"id":6661,"href":"https:\/\/deccore.com.br\/loja\/wp-json\/wp\/v2\/product\/6659\/revisions\/6661"}],"wp:featuredmedia":[{"embeddable":true,"href":"https:\/\/deccore.com.br\/loja\/wp-json\/wp\/v2\/media\/6660"}],"wp:attachment":[{"href":"https:\/\/deccore.com.br\/loja\/wp-json\/wp\/v2\/media?parent=6659"}],"wp:term":[{"taxonomy":"product_brand","embeddable":true,"href":"https:\/\/deccore.com.br\/loja\/wp-json\/wp\/v2\/product_brand?post=6659"},{"taxonomy":"product_cat","embeddable":true,"href":"https:\/\/deccore.com.br\/loja\/wp-json\/wp\/v2\/product_cat?post=6659"},{"taxonomy":"product_tag","embeddable":true,"href":"https:\/\/deccore.com.br\/loja\/wp-json\/wp\/v2\/product_tag?post=6659"}],"curies":[{"name":"wp","href":"https:\/\/api.w.org\/{rel}","templated":true}]}}

<p>Catarinense de nascimento, mas de família gaúcha, Samuca Gerber é o designer residente da Salva. Talento precoce, Samuca começou a desenhar aos 6 anos de idade e aos 17 ingressou no Instituto de Artes Visuais da Universidade Federal do Rio Grande do Sul. A paixão pelo mobiliário viria a se manifestar poucos anos depois na faculdade de Design de Interiores da ULBRA e ao ingressar no mercado de trabalho, atuando em estúdios gaúchos reconhecidos no segmento. Perfeccionista ao extremo, logo quis ter controle absoluto sobre o produto final de seus layouts. Por isso, mergulhou no universo da marcenaria e passou a realizar os projetos do inicio ao fim. Foi esta experiência que o levou à Salva e que hoje pode ser conferida em diversos produtos premiados e inovadores que a marca apresenta ao mercado mundial de decoração premium. Aos 29 anos, Samuca é o responsável pela curadoria criativa da empresa e um dos expoentes da nova geração brasileira de designers de mobiliário.</p>
