{"id":7393,"date":"2021-09-10T13:45:40","date_gmt":"2021-09-10T13:45:40","guid":{"rendered":"https:\/\/deccore.com.br\/loja\/?post_type=product&#038;p=7393"},"modified":"2022-02-15T17:21:58","modified_gmt":"2022-02-15T17:21:58","slug":"carro-bar-tabatha-novidade-deccore","status":"publish","type":"product","link":"https:\/\/deccore.com.br\/loja\/product\/carro-bar-tabatha-novidade-deccore\/","title":{"rendered":"CARRO BAR TABATHA"},"content":{"rendered":"","protected":false},"excerpt":{"rendered":"<div>\n<h4 class=\"elementor-author-box__name\">Theo Egami<\/h4>\n<\/div>\n<div class=\"elementor-author-box__bio\">Partindo da premissa de Bruno Munari, que design \u00e9 refer\u00eancia + fantasia, o designer Theo Egami possui em sua forma\u00e7\u00e3o o desenvolvimento de projetos desde designers cl\u00e1ssicos como: Lasar Segall e Gregori Warchavchik at\u00e9 designers contempor\u00e2neos como Arthur Casas e Cl\u00e1udia Moreira Sales.<\/div>\n","protected":false},"featured_media":7394,"template":"","meta":[],"product_brand":[],"product_cat":[90,89],"product_tag":[],"class_list":{"0":"post-7393","1":"product","2":"type-product","3":"status-publish","4":"has-post-thumbnail","6":"product_cat-carrinho-de-cha","7":"product_cat-carro-bar","9":"first","10":"instock","11":"shipping-taxable","12":"product-type-simple"},"_links":{"self":[{"href":"https:\/\/deccore.com.br\/loja\/wp-json\/wp\/v2\/product\/7393","targetHints":{"allow":["GET"]}}],"collection":[{"href":"https:\/\/deccore.com.br\/loja\/wp-json\/wp\/v2\/product"}],"about":[{"href":"https:\/\/deccore.com.br\/loja\/wp-json\/wp\/v2\/types\/product"}],"version-history":[{"count":2,"href":"https:\/\/deccore.com.br\/loja\/wp-json\/wp\/v2\/product\/7393\/revisions"}],"predecessor-version":[{"id":7910,"href":"https:\/\/deccore.com.br\/loja\/wp-json\/wp\/v2\/product\/7393\/revisions\/7910"}],"wp:featuredmedia":[{"embeddable":true,"href":"https:\/\/deccore.com.br\/loja\/wp-json\/wp\/v2\/media\/7394"}],"wp:attachment":[{"href":"https:\/\/deccore.com.br\/loja\/wp-json\/wp\/v2\/media?parent=7393"}],"wp:term":[{"taxonomy":"product_brand","embeddable":true,"href":"https:\/\/deccore.com.br\/loja\/wp-json\/wp\/v2\/product_brand?post=7393"},{"taxonomy":"product_cat","embeddable":true,"href":"https:\/\/deccore.com.br\/loja\/wp-json\/wp\/v2\/product_cat?post=7393"},{"taxonomy":"product_tag","embeddable":true,"href":"https:\/\/deccore.com.br\/loja\/wp-json\/wp\/v2\/product_tag?post=7393"}],"curies":[{"name":"wp","href":"https:\/\/api.w.org\/{rel}","templated":true}]}}