{"id":7406,"date":"2021-09-10T13:58:21","date_gmt":"2021-09-10T13:58:21","guid":{"rendered":"https:\/\/deccore.com.br\/loja\/?post_type=product&#038;p=7406"},"modified":"2021-09-10T13:58:21","modified_gmt":"2021-09-10T13:58:21","slug":"lucas-panobianco","status":"publish","type":"product","link":"https:\/\/deccore.com.br\/loja\/product\/lucas-panobianco\/","title":{"rendered":"LUCAS PANOBIANCO"},"content":{"rendered":"","protected":false},"excerpt":{"rendered":"<div>\n<h4 class=\"elementor-author-box__name\">Lucas Panobianco<\/h4>\n<\/div>\n<div class=\"elementor-author-box__bio\">Um amante da profiss\u00e3o que faz dela um estilo de vida. Lucas Panobianco \u00e9 Goiano, arquiteto e designer, e busca imprimir arte em tudo que faz. Desde o in\u00edcio da faculdade se encantou com o criar, criar espa\u00e7os, criar objetos e afins para despertar sensa\u00e7\u00f5es nas pessoas. Fundou em 2015 seu escrit\u00f3rio de Arquitetura e em 2019 come\u00e7ou no ramo de design e fotografia. Com tra\u00e7os contempor\u00e2neos seus projetos imprimem sua identidade, \u00e9 leve e essencial.<\/div>\n","protected":false},"featured_media":7407,"template":"","meta":[],"product_brand":[],"product_cat":[15],"product_tag":[],"class_list":{"0":"post-7406","1":"product","2":"type-product","3":"status-publish","4":"has-post-thumbnail","6":"product_cat-uncategorized","8":"first","9":"instock","10":"shipping-taxable","11":"product-type-simple"},"_links":{"self":[{"href":"https:\/\/deccore.com.br\/loja\/wp-json\/wp\/v2\/product\/7406","targetHints":{"allow":["GET"]}}],"collection":[{"href":"https:\/\/deccore.com.br\/loja\/wp-json\/wp\/v2\/product"}],"about":[{"href":"https:\/\/deccore.com.br\/loja\/wp-json\/wp\/v2\/types\/product"}],"version-history":[{"count":1,"href":"https:\/\/deccore.com.br\/loja\/wp-json\/wp\/v2\/product\/7406\/revisions"}],"predecessor-version":[{"id":7408,"href":"https:\/\/deccore.com.br\/loja\/wp-json\/wp\/v2\/product\/7406\/revisions\/7408"}],"wp:featuredmedia":[{"embeddable":true,"href":"https:\/\/deccore.com.br\/loja\/wp-json\/wp\/v2\/media\/7407"}],"wp:attachment":[{"href":"https:\/\/deccore.com.br\/loja\/wp-json\/wp\/v2\/media?parent=7406"}],"wp:term":[{"taxonomy":"product_brand","embeddable":true,"href":"https:\/\/deccore.com.br\/loja\/wp-json\/wp\/v2\/product_brand?post=7406"},{"taxonomy":"product_cat","embeddable":true,"href":"https:\/\/deccore.com.br\/loja\/wp-json\/wp\/v2\/product_cat?post=7406"},{"taxonomy":"product_tag","embeddable":true,"href":"https:\/\/deccore.com.br\/loja\/wp-json\/wp\/v2\/product_tag?post=7406"}],"curies":[{"name":"wp","href":"https:\/\/api.w.org\/{rel}","templated":true}]}}