{"id":7433,"date":"2021-09-15T17:29:51","date_gmt":"2021-09-15T17:29:51","guid":{"rendered":"https:\/\/deccore.com.br\/loja\/?post_type=product&#038;p=7433"},"modified":"2021-09-15T17:29:51","modified_gmt":"2021-09-15T17:29:51","slug":"mirela-ampezzan","status":"publish","type":"product","link":"https:\/\/deccore.com.br\/loja\/product\/mirela-ampezzan\/","title":{"rendered":"MIRELA AMPEZZAN"},"content":{"rendered":"","protected":false},"excerpt":{"rendered":"<p>Formada em arquitetura pela Universidade Federal do Rio Grande do Sul de Porto Alegre. Abre escrit\u00f3rio Ampezzan &amp; Maciel Arquitetos com Lauro Maciel que desenvolve principalmente trabalhos de arquitetura residencial e comercial.<br \/>\nA partir de 2002 se aventura pelo ramo do design de m\u00f3veis para a ind\u00fastria, aumentando sua produ\u00e7\u00e3o a cada ano. Paralelamente tamb\u00e9m come\u00e7a a se especializar em arquitetura de interiores, dois trabalhos que se complementam.<br \/>\nAtualmente conta com clientes em toda a regi\u00e3o da Serra Ga\u00facha.<br \/>\nSeu design \u00e9 predominantemente contempor\u00e2neo, com influ\u00eancia do design italiano com um toque local. Gosta de misturar elementos artesanais com produ\u00e7\u00e3o industrial em s\u00e9rie.<\/p>\n","protected":false},"featured_media":7434,"template":"","meta":[],"product_brand":[],"product_cat":[15],"product_tag":[],"class_list":{"0":"post-7433","1":"product","2":"type-product","3":"status-publish","4":"has-post-thumbnail","6":"product_cat-uncategorized","8":"first","9":"instock","10":"shipping-taxable","11":"product-type-simple"},"_links":{"self":[{"href":"https:\/\/deccore.com.br\/loja\/wp-json\/wp\/v2\/product\/7433","targetHints":{"allow":["GET"]}}],"collection":[{"href":"https:\/\/deccore.com.br\/loja\/wp-json\/wp\/v2\/product"}],"about":[{"href":"https:\/\/deccore.com.br\/loja\/wp-json\/wp\/v2\/types\/product"}],"version-history":[{"count":1,"href":"https:\/\/deccore.com.br\/loja\/wp-json\/wp\/v2\/product\/7433\/revisions"}],"predecessor-version":[{"id":7435,"href":"https:\/\/deccore.com.br\/loja\/wp-json\/wp\/v2\/product\/7433\/revisions\/7435"}],"wp:featuredmedia":[{"embeddable":true,"href":"https:\/\/deccore.com.br\/loja\/wp-json\/wp\/v2\/media\/7434"}],"wp:attachment":[{"href":"https:\/\/deccore.com.br\/loja\/wp-json\/wp\/v2\/media?parent=7433"}],"wp:term":[{"taxonomy":"product_brand","embeddable":true,"href":"https:\/\/deccore.com.br\/loja\/wp-json\/wp\/v2\/product_brand?post=7433"},{"taxonomy":"product_cat","embeddable":true,"href":"https:\/\/deccore.com.br\/loja\/wp-json\/wp\/v2\/product_cat?post=7433"},{"taxonomy":"product_tag","embeddable":true,"href":"https:\/\/deccore.com.br\/loja\/wp-json\/wp\/v2\/product_tag?post=7433"}],"curies":[{"name":"wp","href":"https:\/\/api.w.org\/{rel}","templated":true}]}}

<p>Formada em arquitetura pela Universidade Federal do Rio Grande do Sul de Porto Alegre. Abre escritório Ampezzan &amp; Maciel Arquitetos com Lauro Maciel que desenvolve principalmente trabalhos de arquitetura residencial e comercial.<br />
A partir de 2002 se aventura pelo ramo do design de móveis para a indústria, aumentando sua produção a cada ano. Paralelamente também começa a se especializar em arquitetura de interiores, dois trabalhos que se complementam.<br />
Atualmente conta com clientes em toda a região da Serra Gaúcha.<br />
Seu design é predominantemente contemporâneo, com influência do design italiano com um toque local. Gosta de misturar elementos artesanais com produção industrial em série.</p>
