{"id":7459,"date":"2021-09-22T12:57:19","date_gmt":"2021-09-22T12:57:19","guid":{"rendered":"https:\/\/deccore.com.br\/loja\/?post_type=product&#038;p=7459"},"modified":"2022-11-23T20:04:27","modified_gmt":"2022-11-23T20:04:27","slug":"puff-prada","status":"publish","type":"product","link":"https:\/\/deccore.com.br\/loja\/product\/puff-prada\/","title":{"rendered":"PUFF PRADA &#8211; ENCOMENDA"},"content":{"rendered":"","protected":false},"excerpt":{"rendered":"<h2 class=\"title-page\">INFORMA\u00c7\u00d5ES T\u00c9CNICAS<\/h2>\n<h3>ASSENTO:<\/h3>\n<p>Fixo em chapa de MDF 9 mm, recoberto por espuma de densidade D14 e D20.<\/p>\n<h3>REVESTIMENTO:<\/h3>\n<p>Diversas op\u00e7\u00f5es de tecidos em nosso mostru\u00e1rio, aonde a descri\u00e7\u00e3o do tecido consta na etiqueta do mesmo.<\/p>\n<h3>ESTRUTURA:<\/h3>\n<p>Madeira Tauari, Pinus e Eucalipto, reflorestada, seca, fixada com grampos de a\u00e7o galvanizados.<\/p>\n<h3>P\u00c9S:<\/h3>\n<p>Madeira Tauari com op\u00e7\u00f5es de acabamento nas cores: Am\u00eandoa, Am\u00eandoa Fosco, Noce, Noce fosco e \u00c9bano.<\/p>\n","protected":false},"featured_media":7460,"template":"","meta":[],"product_brand":[],"product_cat":[71,95,109],"product_tag":[],"class_list":{"0":"post-7459","1":"product","2":"type-product","3":"status-publish","4":"has-post-thumbnail","6":"product_cat-mesa-de-apoio","7":"product_cat-mesa-lateral","8":"product_cat-puff","10":"first","11":"instock","12":"shipping-taxable","13":"product-type-simple"},"_links":{"self":[{"href":"https:\/\/deccore.com.br\/loja\/wp-json\/wp\/v2\/product\/7459","targetHints":{"allow":["GET"]}}],"collection":[{"href":"https:\/\/deccore.com.br\/loja\/wp-json\/wp\/v2\/product"}],"about":[{"href":"https:\/\/deccore.com.br\/loja\/wp-json\/wp\/v2\/types\/product"}],"version-history":[{"count":2,"href":"https:\/\/deccore.com.br\/loja\/wp-json\/wp\/v2\/product\/7459\/revisions"}],"predecessor-version":[{"id":10771,"href":"https:\/\/deccore.com.br\/loja\/wp-json\/wp\/v2\/product\/7459\/revisions\/10771"}],"wp:featuredmedia":[{"embeddable":true,"href":"https:\/\/deccore.com.br\/loja\/wp-json\/wp\/v2\/media\/7460"}],"wp:attachment":[{"href":"https:\/\/deccore.com.br\/loja\/wp-json\/wp\/v2\/media?parent=7459"}],"wp:term":[{"taxonomy":"product_brand","embeddable":true,"href":"https:\/\/deccore.com.br\/loja\/wp-json\/wp\/v2\/product_brand?post=7459"},{"taxonomy":"product_cat","embeddable":true,"href":"https:\/\/deccore.com.br\/loja\/wp-json\/wp\/v2\/product_cat?post=7459"},{"taxonomy":"product_tag","embeddable":true,"href":"https:\/\/deccore.com.br\/loja\/wp-json\/wp\/v2\/product_tag?post=7459"}],"curies":[{"name":"wp","href":"https:\/\/api.w.org\/{rel}","templated":true}]}}