{"id":8195,"date":"2022-03-30T14:01:25","date_gmt":"2022-03-30T14:01:25","guid":{"rendered":"https:\/\/deccore.com.br\/loja\/?post_type=product&#038;p=8195"},"modified":"2025-09-02T13:58:09","modified_gmt":"2025-09-02T13:58:09","slug":"aparador-6326-peca-unica-com-70-de-desconto-a-vista","status":"publish","type":"product","link":"https:\/\/deccore.com.br\/loja\/product\/aparador-6326-peca-unica-com-70-de-desconto-a-vista\/","title":{"rendered":"APARADOR 6326 &#8211; C\u00d3DIGO 17369 &#8211; PE\u00c7A \u00daNICA"},"content":{"rendered":"<h1>PE\u00c7A \u00daNICA COM DESCONTO ESPECIAL PARA PAGAMENTO \u00c0 VISTA.<\/h1>\n<h1 class=\"produtos-detail__title\">VMA 6326 | aparador<\/h1>\n<p>MEDIDAS: 1.80X0.50X0.80<\/p>\n<p><strong>Especifica\u00e7\u00f5es T\u00e9cnicas<\/strong><\/p>\n<p><strong>Base:<\/strong>\u00a0mdf revestido em espelho ou vidro colorido<br \/>\n<strong>Laterais:<\/strong>\u00a0espelhado ou vidro colorido<br \/>\n<strong>Espessura das Laterais:<\/strong>\u00a03mm<br \/>\n<strong>Tampo:<\/strong>\u00a0revestido em espelho ou vidro colorido<br \/>\n<strong>Espessura do Tampo:<\/strong>\u00a04mm<br \/>\n<strong>Bisot\u00ea do Tampo:<\/strong>\u00a0lapida\u00e7\u00e3o facetada<br \/>\n<strong>Bisot\u00ea Laterais:<\/strong>\u00a0lapida\u00e7\u00e3o facetada<\/p>\n","protected":false},"excerpt":{"rendered":"<p>PE\u00c7A \u00daNICA COM DESCONTO ESPECIAL PARA PAGAMENTO \u00c0 VISTA.<\/p>\n","protected":false},"featured_media":8196,"template":"","meta":[],"product_brand":[],"product_cat":[68,166],"product_tag":[],"class_list":{"0":"post-8195","1":"product","2":"type-product","3":"status-publish","4":"has-post-thumbnail","6":"product_cat-aparador","7":"product_cat-dia-das-maes","9":"first","10":"instock","11":"shipping-taxable","12":"product-type-simple"},"_links":{"self":[{"href":"https:\/\/deccore.com.br\/loja\/wp-json\/wp\/v2\/product\/8195","targetHints":{"allow":["GET"]}}],"collection":[{"href":"https:\/\/deccore.com.br\/loja\/wp-json\/wp\/v2\/product"}],"about":[{"href":"https:\/\/deccore.com.br\/loja\/wp-json\/wp\/v2\/types\/product"}],"version-history":[{"count":13,"href":"https:\/\/deccore.com.br\/loja\/wp-json\/wp\/v2\/product\/8195\/revisions"}],"predecessor-version":[{"id":16054,"href":"https:\/\/deccore.com.br\/loja\/wp-json\/wp\/v2\/product\/8195\/revisions\/16054"}],"wp:featuredmedia":[{"embeddable":true,"href":"https:\/\/deccore.com.br\/loja\/wp-json\/wp\/v2\/media\/8196"}],"wp:attachment":[{"href":"https:\/\/deccore.com.br\/loja\/wp-json\/wp\/v2\/media?parent=8195"}],"wp:term":[{"taxonomy":"product_brand","embeddable":true,"href":"https:\/\/deccore.com.br\/loja\/wp-json\/wp\/v2\/product_brand?post=8195"},{"taxonomy":"product_cat","embeddable":true,"href":"https:\/\/deccore.com.br\/loja\/wp-json\/wp\/v2\/product_cat?post=8195"},{"taxonomy":"product_tag","embeddable":true,"href":"https:\/\/deccore.com.br\/loja\/wp-json\/wp\/v2\/product_tag?post=8195"}],"curies":[{"name":"wp","href":"https:\/\/api.w.org\/{rel}","templated":true}]}}