{"id":8366,"date":"2022-04-12T20:03:12","date_gmt":"2022-04-12T20:03:12","guid":{"rendered":"https:\/\/deccore.com.br\/loja\/?post_type=product&#038;p=8366"},"modified":"2024-10-22T18:46:47","modified_gmt":"2024-10-22T18:46:47","slug":"poltrona-lea-assinada-pelo-estudio-asadesign","status":"publish","type":"product","link":"https:\/\/deccore.com.br\/loja\/product\/poltrona-lea-assinada-pelo-estudio-asadesign\/","title":{"rendered":"POLTRONA L\u00c9A &#8211; ASSINADA PELO ESTUDIO ASADESIGN. &#8211; SOB ENCOMENDA"},"content":{"rendered":"<p>A combina\u00e7\u00e3o de elementos cl\u00e1ssicos e modernos est\u00e3o em alta na decora\u00e7\u00e3o de ambientes.<br \/>\nAs faixas em couro conferem a pe\u00e7a um toque sutil e elegante, o recorte moderno do couro, contrapondo com o tecido e as linhas da poltrona contrastam com o ambiente, conferindo &#8211; lhe estilo e empoderamento em uma decora\u00e7\u00e3o.<\/p>\n","protected":false},"excerpt":{"rendered":"<h2>Descri\u00e7\u00e3o<\/h2>\n<p>A poltrona Lea \u00e9 uma pe\u00e7a muito vers\u00e1til, al\u00e9m de ser linda \u00e9 claro! Ela tem um desenho atual e um visual descontra\u00eddo, sem perder a sofistica\u00e7\u00e3o de uma pe\u00e7a com desenho exclusivo. Sendo assim s\u00f3 poderia ser uma pe\u00e7a assinada, n\u00e3o \u00e9 mesmo? E \u00e9, ela faz parte do portf\u00f3lio de um dos maiores escrit\u00f3rios de design nacional, a Asa Design!<\/p>\n<p>A estrutura em a\u00e7o da poltrona Lea tem um desenho leve e fluido e ainda um detalhe bem legal que chama a aten\u00e7\u00e3o, que \u00e9 a haste ligando o encosto aos p\u00e9s. Isso d\u00e1 um charme a mais quando olhamos a poltrona de lado ou de costas.<\/p>\n<p>As tiras em couro processado combinam muito bem com a estrutura e criam uma sensa\u00e7\u00e3o envolvente. O espa\u00e7amento entre elas contribui pra manter o visual leve e descontra\u00eddo. al\u00e9m disso voc\u00ea pode optar por 3 cores de\u00a0<a href=\"https:\/\/www.recouro.com\/monta.asp?link=empresa&amp;lang=pt\">Recouro<\/a>, que s\u00e3o a cor caf\u00e9, caramelo ou marrom. Outras cores podem ser estudadas sob consulta.<\/p>\n<p>O encosto revestido em l\u00e2mina natural d\u00e1 o toque de sofistica\u00e7\u00e3o que mencionamos acima e voc\u00ea pode escolher entre a Nogueira, o Freij\u00f3 ou o Wengue. Tudo vai depender do estilo que voc\u00ea tem em mente.<\/p>\n<p>Agora vamos falar de conforto! Porque isso \u00e9 fundamental, certo? De nada adianta uma poltrona ser bonita mas n\u00e3o ser confort\u00e1vel. E nesse quesito podemos dizer que a poltrona Lea passa com louvor. Vamos te contar o por que: Espumas soft com densidades diferentes no assento deixam voc\u00ea numa postura ideal pra relaxar, ler ou bater papo!<\/p>\n","protected":false},"featured_media":8368,"template":"","meta":[],"product_brand":[],"product_cat":[64],"product_tag":[],"class_list":{"0":"post-8366","1":"product","2":"type-product","3":"status-publish","4":"has-post-thumbnail","6":"product_cat-poltronas","8":"first","9":"onbackorder","10":"shipping-taxable","11":"product-type-simple"},"_links":{"self":[{"href":"https:\/\/deccore.com.br\/loja\/wp-json\/wp\/v2\/product\/8366","targetHints":{"allow":["GET"]}}],"collection":[{"href":"https:\/\/deccore.com.br\/loja\/wp-json\/wp\/v2\/product"}],"about":[{"href":"https:\/\/deccore.com.br\/loja\/wp-json\/wp\/v2\/types\/product"}],"version-history":[{"count":5,"href":"https:\/\/deccore.com.br\/loja\/wp-json\/wp\/v2\/product\/8366\/revisions"}],"predecessor-version":[{"id":15712,"href":"https:\/\/deccore.com.br\/loja\/wp-json\/wp\/v2\/product\/8366\/revisions\/15712"}],"wp:featuredmedia":[{"embeddable":true,"href":"https:\/\/deccore.com.br\/loja\/wp-json\/wp\/v2\/media\/8368"}],"wp:attachment":[{"href":"https:\/\/deccore.com.br\/loja\/wp-json\/wp\/v2\/media?parent=8366"}],"wp:term":[{"taxonomy":"product_brand","embeddable":true,"href":"https:\/\/deccore.com.br\/loja\/wp-json\/wp\/v2\/product_brand?post=8366"},{"taxonomy":"product_cat","embeddable":true,"href":"https:\/\/deccore.com.br\/loja\/wp-json\/wp\/v2\/product_cat?post=8366"},{"taxonomy":"product_tag","embeddable":true,"href":"https:\/\/deccore.com.br\/loja\/wp-json\/wp\/v2\/product_tag?post=8366"}],"curies":[{"name":"wp","href":"https:\/\/api.w.org\/{rel}","templated":true}]}}