{"id":8558,"date":"2022-04-26T16:56:36","date_gmt":"2022-04-26T16:56:36","guid":{"rendered":"https:\/\/deccore.com.br\/loja\/?post_type=product&#038;p=8558"},"modified":"2024-10-22T18:44:21","modified_gmt":"2024-10-22T18:44:21","slug":"poltrona-zara-massageadora-pronta-entrega","status":"publish","type":"product","link":"https:\/\/deccore.com.br\/loja\/product\/poltrona-zara-massageadora-pronta-entrega\/","title":{"rendered":"POLTRONA ZARA &#8211; MASSAGEADORA &#8211;  ENCOMENDA &#8211;"},"content":{"rendered":"<p><iframe title=\"POLTRONA AUTOM\u00c1TICA MASSAGEADORA ZARA TEMPUS | Cama Articulada Saga Brasil\" width=\"600\" height=\"450\" src=\"https:\/\/www.youtube.com\/embed\/AQtaI8NfcTc?feature=oembed\" frameborder=\"0\" allow=\"accelerometer; autoplay; clipboard-write; encrypted-media; gyroscope; picture-in-picture; web-share\" referrerpolicy=\"strict-origin-when-cross-origin\" allowfullscreen><\/iframe><\/p>\n<p>Para uma experi\u00eancia inigual\u00e1vel de conforto e tranquilidade!!!<\/p>\n<p>A Poltrona ZARA, conta com um sistema autom\u00e1tico e tecnologia de ponta.<\/p>\n<p>\u25a1 Sistema de Massagem<br \/>\n\u25a1 Porta USB<br \/>\n\u25a1 Porta Copos<br \/>\n\u25a1 Controle de acionamentos [ Auto e Manual ]<br \/>\n\u25a1 Bivolt<br \/>\n\u25a1 3 Est\u00e1gios de massagem<br \/>\n\u25a0 Corpo todo<br \/>\n\u25a0 V\u00e9rtebras da Cervical<br \/>\n\u25a0 Cintura e quadris<\/p>\n","protected":false},"excerpt":{"rendered":"<p>Poltrona autom\u00e1tica, com sistema de massagem, USB, porta copos, controle com acionamento do ciclo Auto e Manual contendo tr\u00eas est\u00e1gios da massagem: \u201cregi\u00f5es da cervical\u201d,\u00a0\u201ctor\u00e1cica\u201d e \u201clombar\u201d, com sele\u00e7\u00e3o tamb\u00e9m de\u00a0intensidade.<\/p>\n<p><em>Medidas (LxPxA): 69x97x96<\/em><\/p>\n","protected":false},"featured_media":10052,"template":"","meta":[],"product_brand":[],"product_cat":[108,116],"product_tag":[],"class_list":{"0":"post-8558","1":"product","2":"type-product","3":"status-publish","4":"has-post-thumbnail","6":"product_cat-novidade","7":"product_cat-poltronas-automatizadas-e-manuais","9":"first","10":"onbackorder","11":"shipping-taxable","12":"product-type-simple"},"_links":{"self":[{"href":"https:\/\/deccore.com.br\/loja\/wp-json\/wp\/v2\/product\/8558","targetHints":{"allow":["GET"]}}],"collection":[{"href":"https:\/\/deccore.com.br\/loja\/wp-json\/wp\/v2\/product"}],"about":[{"href":"https:\/\/deccore.com.br\/loja\/wp-json\/wp\/v2\/types\/product"}],"version-history":[{"count":6,"href":"https:\/\/deccore.com.br\/loja\/wp-json\/wp\/v2\/product\/8558\/revisions"}],"predecessor-version":[{"id":14787,"href":"https:\/\/deccore.com.br\/loja\/wp-json\/wp\/v2\/product\/8558\/revisions\/14787"}],"wp:featuredmedia":[{"embeddable":true,"href":"https:\/\/deccore.com.br\/loja\/wp-json\/wp\/v2\/media\/10052"}],"wp:attachment":[{"href":"https:\/\/deccore.com.br\/loja\/wp-json\/wp\/v2\/media?parent=8558"}],"wp:term":[{"taxonomy":"product_brand","embeddable":true,"href":"https:\/\/deccore.com.br\/loja\/wp-json\/wp\/v2\/product_brand?post=8558"},{"taxonomy":"product_cat","embeddable":true,"href":"https:\/\/deccore.com.br\/loja\/wp-json\/wp\/v2\/product_cat?post=8558"},{"taxonomy":"product_tag","embeddable":true,"href":"https:\/\/deccore.com.br\/loja\/wp-json\/wp\/v2\/product_tag?post=8558"}],"curies":[{"name":"wp","href":"https:\/\/api.w.org\/{rel}","templated":true}]}}