{"id":8634,"date":"2022-04-28T16:04:00","date_gmt":"2022-04-28T16:04:00","guid":{"rendered":"https:\/\/deccore.com.br\/loja\/?post_type=product&#038;p=8634"},"modified":"2024-10-22T18:45:25","modified_gmt":"2024-10-22T18:45:25","slug":"poltrona-mely-bvt-pronta-entrega","status":"publish","type":"product","link":"https:\/\/deccore.com.br\/loja\/product\/poltrona-mely-bvt-pronta-entrega\/","title":{"rendered":"POLTRONA MELY &#8211; BVT &#8211; ENCOMENDA."},"content":{"rendered":"","protected":false},"excerpt":{"rendered":"<p>Poltrona reclin\u00e1vel e girat\u00f3ria, acompanha banqueta, base em a\u00e7o semi brilho.<br \/>\nRevestimento em couro natural e couriss\u00edmo. (onde existe contato com o corpo couro natural,nas demais regi\u00f5es do produto couriss\u00edmo).<br \/>\nMedidas (LxPxA): 80x84x107<br \/>\nCores dispon\u00edveis: Camel, Bambu<\/p>\n","protected":false},"featured_media":8639,"template":"","meta":[],"product_brand":[],"product_cat":[116],"product_tag":[],"class_list":{"0":"post-8634","1":"product","2":"type-product","3":"status-publish","4":"has-post-thumbnail","6":"product_cat-poltronas-automatizadas-e-manuais","8":"first","9":"onbackorder","10":"shipping-taxable","11":"product-type-simple"},"_links":{"self":[{"href":"https:\/\/deccore.com.br\/loja\/wp-json\/wp\/v2\/product\/8634","targetHints":{"allow":["GET"]}}],"collection":[{"href":"https:\/\/deccore.com.br\/loja\/wp-json\/wp\/v2\/product"}],"about":[{"href":"https:\/\/deccore.com.br\/loja\/wp-json\/wp\/v2\/types\/product"}],"version-history":[{"count":5,"href":"https:\/\/deccore.com.br\/loja\/wp-json\/wp\/v2\/product\/8634\/revisions"}],"predecessor-version":[{"id":11719,"href":"https:\/\/deccore.com.br\/loja\/wp-json\/wp\/v2\/product\/8634\/revisions\/11719"}],"wp:featuredmedia":[{"embeddable":true,"href":"https:\/\/deccore.com.br\/loja\/wp-json\/wp\/v2\/media\/8639"}],"wp:attachment":[{"href":"https:\/\/deccore.com.br\/loja\/wp-json\/wp\/v2\/media?parent=8634"}],"wp:term":[{"taxonomy":"product_brand","embeddable":true,"href":"https:\/\/deccore.com.br\/loja\/wp-json\/wp\/v2\/product_brand?post=8634"},{"taxonomy":"product_cat","embeddable":true,"href":"https:\/\/deccore.com.br\/loja\/wp-json\/wp\/v2\/product_cat?post=8634"},{"taxonomy":"product_tag","embeddable":true,"href":"https:\/\/deccore.com.br\/loja\/wp-json\/wp\/v2\/product_tag?post=8634"}],"curies":[{"name":"wp","href":"https:\/\/api.w.org\/{rel}","templated":true}]}}