{"id":8683,"date":"2022-04-29T17:00:22","date_gmt":"2022-04-29T17:00:22","guid":{"rendered":"https:\/\/deccore.com.br\/loja\/?post_type=product&#038;p=8683"},"modified":"2024-11-13T15:47:57","modified_gmt":"2024-11-13T15:47:57","slug":"mesa-de-centro-itaim-designer-fabricio-roncca","status":"publish","type":"product","link":"https:\/\/deccore.com.br\/loja\/product\/mesa-de-centro-itaim-designer-fabricio-roncca\/","title":{"rendered":"MESA DE CENTRO ITAIM &#8211; DESIGNER: FABRICIO RONCCA. &#8211; 22610"},"content":{"rendered":"","protected":false},"excerpt":{"rendered":"<p>Paulista que cresceu em Belo Horizonte, Minas Gerais onde aprendeu a ver a arquitetura, o folclore e a arte de forma l\u00fadica e intimista. Na inf\u00e2ncia frequentava a faculdade de Belas Artes com sua m\u00e3e onde aprendeu a gostar de forma natural do desenho e da pintura. Arquiteto e urbanista formado pela Universidade Estadual de Londrina UEL. Atua na \u00e1rea desde o ano de 2003 com projetos de arquitetura, interiores e design de mobili\u00e1rio.<\/p>\n","protected":false},"featured_media":8688,"template":"","meta":[],"product_brand":[],"product_cat":[76],"product_tag":[],"class_list":{"0":"post-8683","1":"product","2":"type-product","3":"status-publish","4":"has-post-thumbnail","6":"product_cat-mesa-centro","8":"first","9":"onbackorder","10":"shipping-taxable","11":"product-type-simple"},"_links":{"self":[{"href":"https:\/\/deccore.com.br\/loja\/wp-json\/wp\/v2\/product\/8683","targetHints":{"allow":["GET"]}}],"collection":[{"href":"https:\/\/deccore.com.br\/loja\/wp-json\/wp\/v2\/product"}],"about":[{"href":"https:\/\/deccore.com.br\/loja\/wp-json\/wp\/v2\/types\/product"}],"version-history":[{"count":2,"href":"https:\/\/deccore.com.br\/loja\/wp-json\/wp\/v2\/product\/8683\/revisions"}],"predecessor-version":[{"id":15752,"href":"https:\/\/deccore.com.br\/loja\/wp-json\/wp\/v2\/product\/8683\/revisions\/15752"}],"wp:featuredmedia":[{"embeddable":true,"href":"https:\/\/deccore.com.br\/loja\/wp-json\/wp\/v2\/media\/8688"}],"wp:attachment":[{"href":"https:\/\/deccore.com.br\/loja\/wp-json\/wp\/v2\/media?parent=8683"}],"wp:term":[{"taxonomy":"product_brand","embeddable":true,"href":"https:\/\/deccore.com.br\/loja\/wp-json\/wp\/v2\/product_brand?post=8683"},{"taxonomy":"product_cat","embeddable":true,"href":"https:\/\/deccore.com.br\/loja\/wp-json\/wp\/v2\/product_cat?post=8683"},{"taxonomy":"product_tag","embeddable":true,"href":"https:\/\/deccore.com.br\/loja\/wp-json\/wp\/v2\/product_tag?post=8683"}],"curies":[{"name":"wp","href":"https:\/\/api.w.org\/{rel}","templated":true}]}}