{"id":8762,"date":"2022-05-05T16:26:40","date_gmt":"2022-05-05T16:26:40","guid":{"rendered":"https:\/\/deccore.com.br\/loja\/?post_type=product&#038;p=8762"},"modified":"2024-10-22T14:26:38","modified_gmt":"2024-10-22T14:26:38","slug":"sofa-fly-3-20-comprimento-com-chaise-1-80-pronta-entrega","status":"publish","type":"product","link":"https:\/\/deccore.com.br\/loja\/product\/sofa-fly-3-20-comprimento-com-chaise-1-80-pronta-entrega\/","title":{"rendered":"SOF\u00c1 FLY 3.20 COMPRIMENTO COM CHAISE 1.80  &#8211; SOB. ENCOMENDA"},"content":{"rendered":"","protected":false},"excerpt":{"rendered":"<p>Fly \u00e9 um modelo que se destaca por sua praticidade, simplicidade e conforto. Com um design clean, o sof\u00e1 conta com um living minimalista que traz leveza ao ambiente.<\/p>\n<p>Vers\u00e1til, possui configura\u00e7\u00f5es com chaise longue, recamier com canto e living, al\u00e9m de diversas medidas que permitem que o sof\u00e1 se adapte facilmente, levando conforto a qualquer ambiente.<\/p>\n<table border=\"0\" width=\"522\" cellspacing=\"0\" cellpadding=\"0\">\n<tbody>\n<tr>\n<td colspan=\"2\" height=\"21\">ESPECIFICA\u00c7\u00d5ES T\u00c9CNICAS<\/td>\n<\/tr>\n<tr>\n<td height=\"20\">Tipo de estofado<\/td>\n<td>Estofado Living com chaise<\/td>\n<\/tr>\n<tr>\n<td height=\"20\">Estrutura<\/td>\n<td>PINUS, MDF, OSB E COMPENSADO<\/td>\n<\/tr>\n<tr>\n<td height=\"20\">Percintas \/ molas<\/td>\n<td>Percinta tran\u00e7ada<\/td>\n<\/tr>\n<tr>\n<td height=\"60\">Revestimento<\/td>\n<td>Tecidos em diversas composi\u00e7\u00f5es, \u00fanicas ou combinadas (poli\u00e9ster, algod\u00e3o, viscose, linho e\/ou pl\u00e1stico)<\/td>\n<\/tr>\n<tr>\n<td height=\"20\">Tecidos oferecidos<\/td>\n<td>Todos os tecidos dispon\u00edveis<\/td>\n<\/tr>\n<tr>\n<td height=\"20\">Assento<\/td>\n<td>D23 lev + D23 + D20 soft + fibra 100<\/td>\n<\/tr>\n<tr>\n<td height=\"20\">Encosto<\/td>\n<td>Encosto fixo com almofada solta<\/td>\n<\/tr>\n<tr>\n<td height=\"20\">Almofadas de encosto<\/td>\n<td>Soltas; espuma D20 hs<\/td>\n<\/tr>\n<tr>\n<td height=\"20\">Bra\u00e7os<\/td>\n<td>Estrutura + espuma D23<\/td>\n<\/tr>\n<tr>\n<td height=\"20\">P\u00e9s<\/td>\n<td>mdf 4cm x 4cm x 2,5cm<\/td>\n<\/tr>\n<tr>\n<td height=\"20\">Peso m\u00e1ximo suportado (por assento)<\/td>\n<td>100kg<\/td>\n<\/tr>\n<tr>\n<td height=\"20\">Altura do encosto<\/td>\n<td>85cm<\/td>\n<\/tr>\n<tr>\n<td height=\"20\">Altura do assento ao ch\u00e3o<\/td>\n<td>47cm<\/td>\n<\/tr>\n<\/tbody>\n<\/table>\n","protected":false},"featured_media":8763,"template":"","meta":[],"product_brand":[],"product_cat":[85,65],"product_tag":[],"class_list":{"0":"post-8762","1":"product","2":"type-product","3":"status-publish","4":"has-post-thumbnail","6":"product_cat-estofados","7":"product_cat-sofas-2","9":"first","10":"onbackorder","11":"shipping-taxable","12":"product-type-simple"},"_links":{"self":[{"href":"https:\/\/deccore.com.br\/loja\/wp-json\/wp\/v2\/product\/8762","targetHints":{"allow":["GET"]}}],"collection":[{"href":"https:\/\/deccore.com.br\/loja\/wp-json\/wp\/v2\/product"}],"about":[{"href":"https:\/\/deccore.com.br\/loja\/wp-json\/wp\/v2\/types\/product"}],"version-history":[{"count":2,"href":"https:\/\/deccore.com.br\/loja\/wp-json\/wp\/v2\/product\/8762\/revisions"}],"predecessor-version":[{"id":15666,"href":"https:\/\/deccore.com.br\/loja\/wp-json\/wp\/v2\/product\/8762\/revisions\/15666"}],"wp:featuredmedia":[{"embeddable":true,"href":"https:\/\/deccore.com.br\/loja\/wp-json\/wp\/v2\/media\/8763"}],"wp:attachment":[{"href":"https:\/\/deccore.com.br\/loja\/wp-json\/wp\/v2\/media?parent=8762"}],"wp:term":[{"taxonomy":"product_brand","embeddable":true,"href":"https:\/\/deccore.com.br\/loja\/wp-json\/wp\/v2\/product_brand?post=8762"},{"taxonomy":"product_cat","embeddable":true,"href":"https:\/\/deccore.com.br\/loja\/wp-json\/wp\/v2\/product_cat?post=8762"},{"taxonomy":"product_tag","embeddable":true,"href":"https:\/\/deccore.com.br\/loja\/wp-json\/wp\/v2\/product_tag?post=8762"}],"curies":[{"name":"wp","href":"https:\/\/api.w.org\/{rel}","templated":true}]}}