{"id":8900,"date":"2022-05-16T18:35:23","date_gmt":"2022-05-16T18:35:23","guid":{"rendered":"https:\/\/deccore.com.br\/loja\/?post_type=product&#038;p=8900"},"modified":"2024-06-12T13:42:30","modified_gmt":"2024-06-12T13:42:30","slug":"poltrona-ego-novidade-na-deccore-home","status":"publish","type":"product","link":"https:\/\/deccore.com.br\/loja\/product\/poltrona-ego-novidade-na-deccore-home\/","title":{"rendered":"POLTRONA EGO &#8211; DESIGNER: MARCELO LIGIERI &#8211; \u00c0 PRONTA ENTREGA &#8211; 22748"},"content":{"rendered":"<p>Padr\u00f5es geom\u00e9tricos est\u00e3o ganhando popularidade em design de interiores e decora\u00e7\u00e3o.<br \/>\nAs formas geom\u00e9tricas transmitem uma sensa\u00e7\u00e3o de descontra\u00e7\u00e3o e modernidade.<\/p>\n<p>\u25c7 Esta poltrona de metal revestida em soleta natural passa essa ideia contempor\u00e2nea, al\u00e9m de ser uma pe\u00e7a linda e imponente com uma variedade de op\u00e7\u00f5es de cores.<\/p>\n","protected":false},"excerpt":{"rendered":"<p>MEDIDAS:<\/p>\n<p>68 x 73 x 76<\/p>\n","protected":false},"featured_media":8901,"template":"","meta":[],"product_brand":[],"product_cat":[108,64],"product_tag":[],"class_list":{"0":"post-8900","1":"product","2":"type-product","3":"status-publish","4":"has-post-thumbnail","6":"product_cat-novidade","7":"product_cat-poltronas","9":"first","10":"instock","11":"shipping-taxable","12":"product-type-simple"},"_links":{"self":[{"href":"https:\/\/deccore.com.br\/loja\/wp-json\/wp\/v2\/product\/8900","targetHints":{"allow":["GET"]}}],"collection":[{"href":"https:\/\/deccore.com.br\/loja\/wp-json\/wp\/v2\/product"}],"about":[{"href":"https:\/\/deccore.com.br\/loja\/wp-json\/wp\/v2\/types\/product"}],"version-history":[{"count":6,"href":"https:\/\/deccore.com.br\/loja\/wp-json\/wp\/v2\/product\/8900\/revisions"}],"predecessor-version":[{"id":14900,"href":"https:\/\/deccore.com.br\/loja\/wp-json\/wp\/v2\/product\/8900\/revisions\/14900"}],"wp:featuredmedia":[{"embeddable":true,"href":"https:\/\/deccore.com.br\/loja\/wp-json\/wp\/v2\/media\/8901"}],"wp:attachment":[{"href":"https:\/\/deccore.com.br\/loja\/wp-json\/wp\/v2\/media?parent=8900"}],"wp:term":[{"taxonomy":"product_brand","embeddable":true,"href":"https:\/\/deccore.com.br\/loja\/wp-json\/wp\/v2\/product_brand?post=8900"},{"taxonomy":"product_cat","embeddable":true,"href":"https:\/\/deccore.com.br\/loja\/wp-json\/wp\/v2\/product_cat?post=8900"},{"taxonomy":"product_tag","embeddable":true,"href":"https:\/\/deccore.com.br\/loja\/wp-json\/wp\/v2\/product_tag?post=8900"}],"curies":[{"name":"wp","href":"https:\/\/api.w.org\/{rel}","templated":true}]}}