{"id":9243,"date":"2022-06-08T13:39:11","date_gmt":"2022-06-08T13:39:11","guid":{"rendered":"https:\/\/deccore.com.br\/loja\/?post_type=product&#038;p=9243"},"modified":"2022-06-10T13:57:50","modified_gmt":"2022-06-10T13:57:50","slug":"banco-belmonte-alto-encomenda-tss","status":"publish","type":"product","link":"https:\/\/deccore.com.br\/loja\/product\/banco-belmonte-alto-encomenda-tss\/","title":{"rendered":"BANCO BELMONTE ALTO &#8211; ENCOMENDA &#8211; TSS"},"content":{"rendered":"","protected":false},"excerpt":{"rendered":"<p>DESIGNER: PEDRO MENDES.<\/p>\n<p style=\"font-weight: 300;\">Para voc\u00ea, os banco nos ambientes s\u00e3o apenas simples pe\u00e7as de decora\u00e7\u00e3o? Saiba que elas s\u00e3o bem mais que isso. Com os bancos, voc\u00ea pode acomodar os convidados, tornar seu espa\u00e7o um ambiente mais decorativo, enfim, s\u00e3o algumas das vantagens de t\u00ea-los em sua casa.<\/p>\n<p style=\"font-weight: 300;\">O\u00a0<strong style=\"font-weight: 900;\">Banco Belo Monte<\/strong> se adapta facilmente a diferentes ambientes vers\u00e1teis e multifuncionais. \u00c9 perfeito para delimitar o espa\u00e7o de ambientes conjugados, estilo e personalidade pr\u00f3pria, design moderno e conta com a qualidade que voc\u00ea procura.<\/p>\n","protected":false},"featured_media":9247,"template":"","meta":[],"product_brand":[],"product_cat":[15,74,100,78],"product_tag":[],"class_list":{"0":"post-9243","1":"product","2":"type-product","3":"status-publish","4":"has-post-thumbnail","6":"product_cat-uncategorized","7":"product_cat-banco","8":"product_cat-banqueta","9":"product_cat-banquetas","11":"first","12":"instock","13":"shipping-taxable","14":"product-type-simple"},"_links":{"self":[{"href":"https:\/\/deccore.com.br\/loja\/wp-json\/wp\/v2\/product\/9243","targetHints":{"allow":["GET"]}}],"collection":[{"href":"https:\/\/deccore.com.br\/loja\/wp-json\/wp\/v2\/product"}],"about":[{"href":"https:\/\/deccore.com.br\/loja\/wp-json\/wp\/v2\/types\/product"}],"version-history":[{"count":2,"href":"https:\/\/deccore.com.br\/loja\/wp-json\/wp\/v2\/product\/9243\/revisions"}],"predecessor-version":[{"id":9330,"href":"https:\/\/deccore.com.br\/loja\/wp-json\/wp\/v2\/product\/9243\/revisions\/9330"}],"wp:featuredmedia":[{"embeddable":true,"href":"https:\/\/deccore.com.br\/loja\/wp-json\/wp\/v2\/media\/9247"}],"wp:attachment":[{"href":"https:\/\/deccore.com.br\/loja\/wp-json\/wp\/v2\/media?parent=9243"}],"wp:term":[{"taxonomy":"product_brand","embeddable":true,"href":"https:\/\/deccore.com.br\/loja\/wp-json\/wp\/v2\/product_brand?post=9243"},{"taxonomy":"product_cat","embeddable":true,"href":"https:\/\/deccore.com.br\/loja\/wp-json\/wp\/v2\/product_cat?post=9243"},{"taxonomy":"product_tag","embeddable":true,"href":"https:\/\/deccore.com.br\/loja\/wp-json\/wp\/v2\/product_tag?post=9243"}],"curies":[{"name":"wp","href":"https:\/\/api.w.org\/{rel}","templated":true}]}}