{"id":9273,"date":"2022-06-08T19:55:45","date_gmt":"2022-06-08T19:55:45","guid":{"rendered":"https:\/\/deccore.com.br\/loja\/?post_type=product&#038;p=9273"},"modified":"2022-06-08T19:55:45","modified_gmt":"2022-06-08T19:55:45","slug":"daniela-ferro-designer-de-produtos","status":"publish","type":"product","link":"https:\/\/deccore.com.br\/loja\/product\/daniela-ferro-designer-de-produtos\/","title":{"rendered":"DANIELA FERRO &#8211; DESIGNER DE PRODUTOS"},"content":{"rendered":"","protected":false},"excerpt":{"rendered":"<p>Daniela Ferro\u00a0\u00e9 designer de produto formada pela Universidade Federal do Paran\u00e1, e atualmente s\u00f3cia e\u00a0coordenadora de design da\u00a0Asa Design. Seu trabalho autoral tem-se destacado na produ\u00e7\u00e3o nacional de design de mobili\u00e1rio. Daniela assina pe\u00e7as direcionadas ao mercado de alta decora\u00e7\u00e3o, e que s\u00e3o fabricadas dentro de padr\u00f5es de excel\u00eancia e fidelidade ao projeto. Trabalha com ideias fundamentadas em pesquisas de mercado e tend\u00eancias, no uso de materiais sustent\u00e1veis e na busca de uma identidade brasileira.<\/p>\n","protected":false},"featured_media":9274,"template":"","meta":[],"product_brand":[],"product_cat":[15],"product_tag":[],"class_list":{"0":"post-9273","1":"product","2":"type-product","3":"status-publish","4":"has-post-thumbnail","6":"product_cat-uncategorized","8":"first","9":"instock","10":"shipping-taxable","11":"product-type-simple"},"_links":{"self":[{"href":"https:\/\/deccore.com.br\/loja\/wp-json\/wp\/v2\/product\/9273","targetHints":{"allow":["GET"]}}],"collection":[{"href":"https:\/\/deccore.com.br\/loja\/wp-json\/wp\/v2\/product"}],"about":[{"href":"https:\/\/deccore.com.br\/loja\/wp-json\/wp\/v2\/types\/product"}],"version-history":[{"count":2,"href":"https:\/\/deccore.com.br\/loja\/wp-json\/wp\/v2\/product\/9273\/revisions"}],"predecessor-version":[{"id":9276,"href":"https:\/\/deccore.com.br\/loja\/wp-json\/wp\/v2\/product\/9273\/revisions\/9276"}],"wp:featuredmedia":[{"embeddable":true,"href":"https:\/\/deccore.com.br\/loja\/wp-json\/wp\/v2\/media\/9274"}],"wp:attachment":[{"href":"https:\/\/deccore.com.br\/loja\/wp-json\/wp\/v2\/media?parent=9273"}],"wp:term":[{"taxonomy":"product_brand","embeddable":true,"href":"https:\/\/deccore.com.br\/loja\/wp-json\/wp\/v2\/product_brand?post=9273"},{"taxonomy":"product_cat","embeddable":true,"href":"https:\/\/deccore.com.br\/loja\/wp-json\/wp\/v2\/product_cat?post=9273"},{"taxonomy":"product_tag","embeddable":true,"href":"https:\/\/deccore.com.br\/loja\/wp-json\/wp\/v2\/product_tag?post=9273"}],"curies":[{"name":"wp","href":"https:\/\/api.w.org\/{rel}","templated":true}]}}