{"id":9410,"date":"2022-06-15T17:43:49","date_gmt":"2022-06-15T17:43:49","guid":{"rendered":"https:\/\/deccore.com.br\/loja\/?post_type=product&#038;p=9410"},"modified":"2025-12-03T13:39:42","modified_gmt":"2025-12-03T13:39:42","slug":"mesa-jantar-kim-encomenda-gtt","status":"publish","type":"product","link":"https:\/\/deccore.com.br\/loja\/product\/mesa-jantar-kim-encomenda-gtt\/","title":{"rendered":"APARADOR KIM &#8211; ENCOMENDA &#8211; GTT"},"content":{"rendered":"","protected":false},"excerpt":{"rendered":"<div class=\"fl-module fl-module-fl-woo-product-description fl-node-lwd489z7njfe\" data-node=\"lwd489z7njfe\">\n<div class=\"fl-module-content fl-node-content\">\n<div class=\"woocommerce-product-details__short-description\">\n<p>O aparador Kim \u00e9 uma pe\u00e7a leve e com detalhes bem evidentes. \u00c9 uma pe\u00e7a fundamental para compor ambientes como salas de jantar e halls de entrada. Sua forma n\u00e3o atrapalha a circula\u00e7\u00e3o e deixa a decora\u00e7\u00e3o mais funcional.<\/p>\n<\/div>\n<\/div>\n<\/div>\n<div class=\"fl-module fl-module-fl-woo-product-description fl-node-fnuks01hiz3q\" data-node=\"fnuks01hiz3q\">\n<div class=\"fl-module-content fl-node-content\">\n<p>TAMANHOS DISPON\u00cdVEIS (L x P x A)<br \/>\n180 x 45 x 78<br \/>\n200 x 45 x 78<br \/>\n220 x 45 x 78<br \/>\n240 x 45 x 78<br \/>\n260 x 45 x 78<\/p>\n<\/div>\n<\/div>\n<div class=\"fl-module fl-module-html fl-node-m7fn64xuibto\" data-node=\"m7fn64xuibto\">\n<div class=\"fl-module-content fl-node-content\">\n<div class=\"fl-html\"><a class=\"botao-download-3d\" href=\"https:\/\/www.moveisgottems.com.br\/wp-content\/uploads\/2025\/01\/Aparador-Kim-Gottems.skp\" target=\"_blank\" rel=\"noopener\" download=\"\"><img decoding=\"async\" class=\"imagem-download-3d\" src=\"https:\/\/www.moveisgottems.com.br\/wp-content\/uploads\/2024\/12\/Icone-SKP-Novo.png\" alt=\"Baixar Arquivo 3D 1\" width=\"35\" height=\"35\" \/>DOWNLOAD SKP<\/a><\/div>\n<\/div>\n<\/div>\n","protected":false},"featured_media":9411,"template":"","meta":[],"product_brand":[],"product_cat":[68],"product_tag":[],"class_list":{"0":"post-9410","1":"product","2":"type-product","3":"status-publish","4":"has-post-thumbnail","6":"product_cat-aparador","8":"first","9":"instock","10":"shipping-taxable","11":"product-type-simple"},"_links":{"self":[{"href":"https:\/\/deccore.com.br\/loja\/wp-json\/wp\/v2\/product\/9410","targetHints":{"allow":["GET"]}}],"collection":[{"href":"https:\/\/deccore.com.br\/loja\/wp-json\/wp\/v2\/product"}],"about":[{"href":"https:\/\/deccore.com.br\/loja\/wp-json\/wp\/v2\/types\/product"}],"version-history":[{"count":4,"href":"https:\/\/deccore.com.br\/loja\/wp-json\/wp\/v2\/product\/9410\/revisions"}],"predecessor-version":[{"id":16136,"href":"https:\/\/deccore.com.br\/loja\/wp-json\/wp\/v2\/product\/9410\/revisions\/16136"}],"wp:featuredmedia":[{"embeddable":true,"href":"https:\/\/deccore.com.br\/loja\/wp-json\/wp\/v2\/media\/9411"}],"wp:attachment":[{"href":"https:\/\/deccore.com.br\/loja\/wp-json\/wp\/v2\/media?parent=9410"}],"wp:term":[{"taxonomy":"product_brand","embeddable":true,"href":"https:\/\/deccore.com.br\/loja\/wp-json\/wp\/v2\/product_brand?post=9410"},{"taxonomy":"product_cat","embeddable":true,"href":"https:\/\/deccore.com.br\/loja\/wp-json\/wp\/v2\/product_cat?post=9410"},{"taxonomy":"product_tag","embeddable":true,"href":"https:\/\/deccore.com.br\/loja\/wp-json\/wp\/v2\/product_tag?post=9410"}],"curies":[{"name":"wp","href":"https:\/\/api.w.org\/{rel}","templated":true}]}}