{"id":9841,"date":"2022-08-10T16:27:21","date_gmt":"2022-08-10T16:27:21","guid":{"rendered":"https:\/\/deccore.com.br\/loja\/?post_type=product&#038;p=9841"},"modified":"2023-02-20T18:37:02","modified_gmt":"2023-02-20T18:37:02","slug":"carrinho-de-cha-vancouver-encomenda","status":"publish","type":"product","link":"https:\/\/deccore.com.br\/loja\/product\/carrinho-de-cha-vancouver-encomenda\/","title":{"rendered":"CARRINHO DE CH\u00c1 VANCOUVER &#8211; ENCOMENDA &#8211; BRZL COMTE."},"content":{"rendered":"","protected":false},"excerpt":{"rendered":"<p>V\u00c1RIAS OP\u00c7\u00d5ES DE ACABAMENTOS.<\/p>\n","protected":false},"featured_media":9842,"template":"","meta":[],"product_brand":[],"product_cat":[90,89],"product_tag":[],"class_list":{"0":"post-9841","1":"product","2":"type-product","3":"status-publish","4":"has-post-thumbnail","6":"product_cat-carrinho-de-cha","7":"product_cat-carro-bar","9":"first","10":"instock","11":"shipping-taxable","12":"product-type-simple"},"_links":{"self":[{"href":"https:\/\/deccore.com.br\/loja\/wp-json\/wp\/v2\/product\/9841","targetHints":{"allow":["GET"]}}],"collection":[{"href":"https:\/\/deccore.com.br\/loja\/wp-json\/wp\/v2\/product"}],"about":[{"href":"https:\/\/deccore.com.br\/loja\/wp-json\/wp\/v2\/types\/product"}],"version-history":[{"count":2,"href":"https:\/\/deccore.com.br\/loja\/wp-json\/wp\/v2\/product\/9841\/revisions"}],"predecessor-version":[{"id":11235,"href":"https:\/\/deccore.com.br\/loja\/wp-json\/wp\/v2\/product\/9841\/revisions\/11235"}],"wp:featuredmedia":[{"embeddable":true,"href":"https:\/\/deccore.com.br\/loja\/wp-json\/wp\/v2\/media\/9842"}],"wp:attachment":[{"href":"https:\/\/deccore.com.br\/loja\/wp-json\/wp\/v2\/media?parent=9841"}],"wp:term":[{"taxonomy":"product_brand","embeddable":true,"href":"https:\/\/deccore.com.br\/loja\/wp-json\/wp\/v2\/product_brand?post=9841"},{"taxonomy":"product_cat","embeddable":true,"href":"https:\/\/deccore.com.br\/loja\/wp-json\/wp\/v2\/product_cat?post=9841"},{"taxonomy":"product_tag","embeddable":true,"href":"https:\/\/deccore.com.br\/loja\/wp-json\/wp\/v2\/product_tag?post=9841"}],"curies":[{"name":"wp","href":"https:\/\/api.w.org\/{rel}","templated":true}]}}